{"id":36992,"date":"2019-06-03T11:51:03","date_gmt":"2019-06-03T15:51:03","guid":{"rendered":"https:\/\/ffq.enp.mybluehost.me\/event\/2019-canadian-road-championships-elite-junior-para\/"},"modified":"2025-05-01T19:27:32","modified_gmt":"2025-05-01T23:27:32","slug":"2019-canadian-road-championships-elite-junior-para","status":"publish","type":"cc_event","link":"https:\/\/cyclingcanada.ca\/fr\/event\/2019-canadian-road-championships-elite-junior-para\/","title":{"rendered":"Championnats canadiens route 2019 (\u00c9lite\/Junior\/Para)"},"content":{"rendered":"\n<h2 class=\"wp-block-heading has-x-large-font-size\">Horaire<\/h2>\n\n\n\n<p><strong>S\u00e9quences des \u00e9v\u00e9nements pr\u00e9liminaire:<\/strong><\/p>\n\n\n\n<figure class=\"wp-block-table is-style-stripes\"><table class=\"has-fixed-layout\"><tbody><tr><td colspan=\"2\"><strong><mark style=\"background-color:rgba(0, 0, 0, 0)\" class=\"has-inline-color has-primary-color\">JEUDI \u2013 le 27 juin 2019<\/mark><\/strong><\/td><\/tr><tr><td>11h00-12h00<\/td><td>S\u00e9minaire Antidopage CCES\/RaceClean&nbsp; \u2013&nbsp;<em>H\u00f4tel le Georgesville&nbsp;<\/em><\/td><\/tr><tr><td>13h00-16h00<\/td><td>Inspection des parcours par l\u2019organisateur et Cyclisme Canada<\/td><\/tr><tr><td>16h00-18h00<\/td><td>Confirmation des coureurs et cueillette de la trousse&nbsp; \u2013&nbsp;<em>H\u00f4tel le Georgesville&nbsp;<\/em><\/td><\/tr><tr><td>18h15-19h00<\/td><td>Rencontre des directeurs sportifs \u2013&nbsp;<em>H\u00f4tel le Georgesville&nbsp;<\/em><\/td><\/tr><\/tbody><\/table><\/figure>\n\n\n\n<figure class=\"wp-block-table is-style-stripes\"><table class=\"has-fixed-layout\"><tbody><tr><td colspan=\"4\"><\/td><\/tr><tr><td colspan=\"4\"><strong><mark style=\"background-color:rgba(0, 0, 0, 0)\" class=\"has-inline-color has-primary-color\">VENDREDI \u2013 28 juin 2019 \u2013 Contre-la-montre individuel<\/mark><\/strong><\/td><\/tr><tr><td><\/td><td>D\u00e9part: 08h00<\/td><td>Arriv\u00e9e:&nbsp;17h00<\/td><td><\/td><\/tr><tr><td>Para<\/td><td><\/td><td><\/td><td><\/td><\/tr><tr><td>JR F<\/td><td><\/td><td><\/td><td><\/td><\/tr><tr><td>JR H<\/td><td><\/td><td><\/td><td><\/td><\/tr><tr><td>\u00c9lite F<\/td><td><\/td><td><\/td><td><\/td><\/tr><tr><td>\u00c9lite H<\/td><td><\/td><td><\/td><td><\/td><\/tr><tr><td><\/td><td><\/td><td><\/td><td><\/td><\/tr><tr><td colspan=\"4\"><strong><mark style=\"background-color:rgba(0, 0, 0, 0)\" class=\"has-inline-color has-primary-color\">SAMEDI \u2013 29 juin 2019 \u2013 Course sur route<\/mark><\/strong><\/td><\/tr><tr><td><\/td><td>D\u00e9part:<\/td><td>Arriv\u00e9e:<\/td><td><\/td><\/tr><tr><td>Para<\/td><td>08h00<\/td><td>10h30<\/td><td><\/td><\/tr><tr><td>JR H<\/td><td>11h00<\/td><td>14h00<\/td><td><\/td><\/tr><tr><td>\u00c9lite F<\/td><td>14h30<\/td><td>17h30<\/td><td><\/td><\/tr><tr><td><\/td><td><\/td><td><\/td><td><\/td><\/tr><tr><td colspan=\"4\"><strong><mark style=\"background-color:rgba(0, 0, 0, 0)\" class=\"has-inline-color has-primary-color\">DIMANCHE \u2013 30 juin 2019 \u2013 Course sur route<\/mark><\/strong><\/td><\/tr><tr><td><\/td><td>D\u00e9part:<\/td><td>Arriv\u00e9e:<\/td><td><\/td><\/tr><tr><td>JR F<\/td><td>08h30<\/td><td>11h15<\/td><td><\/td><\/tr><tr><td>\u00c9lite H<\/td><td>12h00<\/td><td>17h00<\/td><td><\/td><\/tr><tr><td><\/td><td><\/td><td><\/td><td><\/td><\/tr><tr><td colspan=\"4\"><strong><mark style=\"background-color:rgba(0, 0, 0, 0)\" class=\"has-inline-color has-primary-color\">LUNDI \u2013 1 juillet 2019 \u2013 Crit\u00e9rium<\/mark><\/strong><\/td><\/tr><tr><td><\/td><td>D\u00e9part: 10h00<\/td><td>Arriv\u00e9e:&nbsp;15h00<\/td><td><\/td><\/tr><tr><td>JR F<\/td><td><\/td><td><\/td><td><\/td><\/tr><tr><td>JR H<\/td><td><\/td><td><\/td><td><\/td><\/tr><tr><td>\u00c9lite F<\/td><td><\/td><td><\/td><td><\/td><\/tr><tr><td>\u00c9lite H<\/td><td><\/td><td><\/td><td><\/td><\/tr><\/tbody><\/table><\/figure>\n\n\n\n<h2 class=\"wp-block-heading has-x-large-font-size\">Inscriptions<\/h2>\n\n\n\n<p><a href=\"https:\/\/ccnbikes.com\/#!\/series\/2019-canadian-road-championship\">Les inscriptions&nbsp; en ligne<\/a>&nbsp;fermeront \u00e0 23h59, heure de l\u2019est, le vendredi 21 juin 2019. Veuillez noter que les frais d\u2019inscriptions augmenteront \u00e0 partir du 14 juin 2019. Pour plus d\u2019informations concernant les inscriptions, veuillez consulter le guide technique.<\/p>\n\n\n\n<p>Pour toutes autres questions reli\u00e9es aux inscriptions, veuillez contacter Jol\u00e8ne Dupuis \u00e0&nbsp;<a href=\"mailto:jolene.dupuis@cyclingcanada.ca\">jolene.dupuis@cyclingcanada.ca<\/a>&nbsp;.<\/p>\n\n\n\n<h2 class=\"wp-block-heading has-x-large-font-size\">Guide Technique<\/h2>\n\n\n\n<p><a href=\"https:\/\/cyclingcanada.ca\/wp-content\/uploads\/2019\/05\/Guide-technique-2019-Championnats-canadiens-v9-1.pdf\"><em><strong>Guide Technique<\/strong>&nbsp;<\/em><\/a>\u2013 publi\u00e9 le 17 mai; r\u00e9vis\u00e9 le 17 juin<\/p>\n\n\n\n<hr class=\"wp-block-separator has-alpha-channel-opacity\"\/>\n\n\n\n<figure class=\"wp-block-table is-style-stripes\"><table class=\"has-fixed-layout\"><tbody><tr><td><\/td><\/tr><tr><td><strong><mark style=\"background-color:rgba(0, 0, 0, 0)\" class=\"has-inline-color has-primary-color\">QUARTIER G\u00c9N\u00c9RAL<\/mark><\/strong><\/td><\/tr><tr><td>H\u00f4tel le Georgesville :&nbsp;<a href=\"https:\/\/www.georgesville.com\/\">www.georgesville.com<\/a><\/td><\/tr><tr><td>300 118e rue, St Georges QC, G5Y 3E3<\/td><\/tr><tr><td><\/td><\/tr><tr><td>T: 418-227-5894<\/td><\/tr><tr><td>F: 1-866-856-2681<\/td><\/tr><tr><td><a href=\"mailto:info@tourdebeauce.com\">info@tourdebeauce.com<\/a><\/td><\/tr><\/tbody><\/table><\/figure>\n\n\n\n<h2 class=\"wp-block-heading has-x-large-font-size\">Communiqu\u00e9s Officiels<\/h2>\n\n\n\n<p>Communiqu\u00e9 1 \u2013&nbsp;<a href=\"https:\/\/cyclingcanada.ca\/wp-content\/uploads\/2019\/05\/Communiqu%C3%A9-1-Technical-meeting.pdf\">Rencontre Technique<\/a><\/p>\n\n\n\n<p>C2-<a href=\"https:\/\/cyclingcanada.ca\/wp-content\/uploads\/2019\/05\/C2-TT-Start-List.pdf\">Liste de d\u00e9part \u2013 Contre la montre<\/a><\/p>\n\n\n\n<p>C3-<a href=\"https:\/\/cyclingcanada.ca\/wp-content\/uploads\/2019\/05\/C3-CaravanOrder.pdf\">Ordre de la caravane<\/a><\/p>\n\n\n\n<p>Communiqu\u00e9 4 \u2013&nbsp;<a href=\"https:\/\/cyclingcanada.ca\/wp-content\/uploads\/2019\/06\/Communiqu%C3%A9-4-Infos-RR.01.pdf\">Informations des Courses sur route pt.1<\/a><\/p>\n\n\n\n<p>C5-<a href=\"https:\/\/cyclingcanada.ca\/wp-content\/uploads\/\/2019\/05\/C5-RR-Start-List.pdf\">Liste de d\u00e9part \u2013 Courses sur route pt.1<\/a><\/p>\n\n\n\n<p>Communiqu\u00e9 6 \u2013<a href=\"https:\/\/cyclingcanada.ca\/wp-content\/uploads\/\/2019\/05\/Communiqu%C3%A9-6-Infos-RR.02.pdf\">&nbsp;Informations des Courses sur route pt.2<\/a><\/p>\n\n\n\n<p>C7-<a href=\"https:\/\/cyclingcanada.ca\/wp-content\/uploads\/\/2019\/05\/C7-RR-Start-List_02.pdf\">Liste de d\u00e9part \u2013 Courses sur route pt.2<\/a><\/p>\n\n\n\n<p>Communiqu\u00e9 8 \u2013&nbsp;<a href=\"https:\/\/cyclingcanada.ca\/wp-content\/uploads\/\/2019\/05\/Communiqu%C3%A9-8-Decisions-Crit-Info.pdf\">D\u00e9cisions du coll\u00e8ge et informations du crit\u00e9rium<\/a><\/p>\n\n\n\n<p>C9-<a href=\"https:\/\/cyclingcanada.ca\/wp-content\/uploads\/\/2019\/05\/C9-Crit-Start-List.pdf\">Liste de d\u00e9part \u2013 Crit\u00e9rium<\/a><\/p>\n","protected":false},"featured_media":0,"menu_order":0,"template":"","meta":{"_acf_changed":false,"advanced_seo_description":"","jetpack_seo_html_title":"","jetpack_seo_noindex":false},"disciplines":[75,72],"class_list":["post-36992","cc_event","type-cc_event","status-publish","hentry","disciplines-paracyclisme","disciplines-road-fr"],"acf":[],"jetpack_sharing_enabled":true,"_links":{"self":[{"href":"https:\/\/cyclingcanada.ca\/fr\/wp-json\/wp\/v2\/cc_event\/36992","targetHints":{"allow":["GET"]}}],"collection":[{"href":"https:\/\/cyclingcanada.ca\/fr\/wp-json\/wp\/v2\/cc_event"}],"about":[{"href":"https:\/\/cyclingcanada.ca\/fr\/wp-json\/wp\/v2\/types\/cc_event"}],"wp:attachment":[{"href":"https:\/\/cyclingcanada.ca\/fr\/wp-json\/wp\/v2\/media?parent=36992"}],"wp:term":[{"taxonomy":"disciplines","embeddable":true,"href":"https:\/\/cyclingcanada.ca\/fr\/wp-json\/wp\/v2\/disciplines?post=36992"}],"curies":[{"name":"wp","href":"https:\/\/api.w.org\/{rel}","templated":true}]}}

Championnats canadiens route 2019 (Élite/Junior/Para)

<h2 class="wp-block-heading has-x-large-font-size">Horaire</h2>



<p><strong>Séquences des événements préliminaire:</strong></p>



<figure class="wp-block-table is-style-stripes"><table class="has-fixed-layout"><tbody><tr><td colspan="2"><strong><mark style="background-color:rgba(0, 0, 0, 0)" class="has-inline-color has-primary-color">JEUDI – le 27 juin 2019</mark></strong></td></tr><tr><td>11h00-12h00</td><td>Séminaire Antidopage CCES/RaceClean&nbsp; –&nbsp;<em>Hôtel le Georgesville&nbsp;</em></td></tr><tr><td>13h00-16h00</td><td>Inspection des parcours par l’organisateur et Cyclisme Canada</td></tr><tr><td>16h00-18h00</td><td>Confirmation des coureurs et cueillette de la trousse&nbsp; –&nbsp;<em>Hôtel le Georgesville&nbsp;</em></td></tr><tr><td>18h15-19h00</td><td>Rencontre des directeurs sportifs –&nbsp;<em>Hôtel le Georgesville&nbsp;</em></td></tr></tbody></table></figure>



<figure class="wp-block-table is-style-stripes"><table class="has-fixed-layout"><tbody><tr><td colspan="4"></td></tr><tr><td colspan="4"><strong><mark style="background-color:rgba(0, 0, 0, 0)" class="has-inline-color has-primary-color">VENDREDI – 28 juin 2019 – Contre-la-montre individuel</mark></strong></td></tr><tr><td></td><td>Départ: 08h00</td><td>Arrivée:&nbsp;17h00</td><td></td></tr><tr><td>Para</td><td></td><td></td><td></td></tr><tr><td>JR F</td><td></td><td></td><td></td></tr><tr><td>JR H</td><td></td><td></td><td></td></tr><tr><td>Élite F</td><td></td><td></td><td></td></tr><tr><td>Élite H</td><td></td><td></td><td></td></tr><tr><td></td><td></td><td></td><td></td></tr><tr><td colspan="4"><strong><mark style="background-color:rgba(0, 0, 0, 0)" class="has-inline-color has-primary-color">SAMEDI – 29 juin 2019 – Course sur route</mark></strong></td></tr><tr><td></td><td>Départ:</td><td>Arrivée:</td><td></td></tr><tr><td>Para</td><td>08h00</td><td>10h30</td><td></td></tr><tr><td>JR H</td><td>11h00</td><td>14h00</td><td></td></tr><tr><td>Élite F</td><td>14h30</td><td>17h30</td><td></td></tr><tr><td></td><td></td><td></td><td></td></tr><tr><td colspan="4"><strong><mark style="background-color:rgba(0, 0, 0, 0)" class="has-inline-color has-primary-color">DIMANCHE – 30 juin 2019 – Course sur route</mark></strong></td></tr><tr><td></td><td>Départ:</td><td>Arrivée:</td><td></td></tr><tr><td>JR F</td><td>08h30</td><td>11h15</td><td></td></tr><tr><td>Élite H</td><td>12h00</td><td>17h00</td><td></td></tr><tr><td></td><td></td><td></td><td></td></tr><tr><td colspan="4"><strong><mark style="background-color:rgba(0, 0, 0, 0)" class="has-inline-color has-primary-color">LUNDI – 1 juillet 2019 – Critérium</mark></strong></td></tr><tr><td></td><td>Départ: 10h00</td><td>Arrivée:&nbsp;15h00</td><td></td></tr><tr><td>JR F</td><td></td><td></td><td></td></tr><tr><td>JR H</td><td></td><td></td><td></td></tr><tr><td>Élite F</td><td></td><td></td><td></td></tr><tr><td>Élite H</td><td></td><td></td><td></td></tr></tbody></table></figure>



<h2 class="wp-block-heading has-x-large-font-size">Inscriptions</h2>



<p><a href="https://ccnbikes.com/#!/series/2019-canadian-road-championship">Les inscriptions&nbsp; en ligne</a>&nbsp;fermeront à 23h59, heure de l’est, le vendredi 21 juin 2019. Veuillez noter que les frais d’inscriptions augmenteront à partir du 14 juin 2019. Pour plus d’informations concernant les inscriptions, veuillez consulter le guide technique.</p>



<p>Pour toutes autres questions reliées aux inscriptions, veuillez contacter Jolène Dupuis à&nbsp;<a href="mailto:jolene.dupuis@cyclingcanada.ca">jolene.dupuis@cyclingcanada.ca</a>&nbsp;.</p>



<h2 class="wp-block-heading has-x-large-font-size">Guide Technique</h2>



<p><a href="https://cyclingcanada.ca/wp-content/uploads/2019/05/Guide-technique-2019-Championnats-canadiens-v9-1.pdf"><em><strong>Guide Technique</strong>&nbsp;</em></a>– publié le 17 mai; révisé le 17 juin</p>



<hr class="wp-block-separator has-alpha-channel-opacity"/>



<figure class="wp-block-table is-style-stripes"><table class="has-fixed-layout"><tbody><tr><td></td></tr><tr><td><strong><mark style="background-color:rgba(0, 0, 0, 0)" class="has-inline-color has-primary-color">QUARTIER GÉNÉRAL</mark></strong></td></tr><tr><td>Hôtel le Georgesville :&nbsp;<a href="https://www.georgesville.com/">www.georgesville.com</a></td></tr><tr><td>300 118e rue, St Georges QC, G5Y 3E3</td></tr><tr><td></td></tr><tr><td>T: 418-227-5894</td></tr><tr><td>F: 1-866-856-2681</td></tr><tr><td><a href="mailto:info@tourdebeauce.com">info@tourdebeauce.com</a></td></tr></tbody></table></figure>



<h2 class="wp-block-heading has-x-large-font-size">Communiqués Officiels</h2>



<p>Communiqué 1 –&nbsp;<a href="https://cyclingcanada.ca/wp-content/uploads/2019/05/Communiqu%C3%A9-1-Technical-meeting.pdf">Rencontre Technique</a></p>



<p>C2-<a href="https://cyclingcanada.ca/wp-content/uploads/2019/05/C2-TT-Start-List.pdf">Liste de départ – Contre la montre</a></p>



<p>C3-<a href="https://cyclingcanada.ca/wp-content/uploads/2019/05/C3-CaravanOrder.pdf">Ordre de la caravane</a></p>



<p>Communiqué 4 –&nbsp;<a href="https://cyclingcanada.ca/wp-content/uploads/2019/06/Communiqu%C3%A9-4-Infos-RR.01.pdf">Informations des Courses sur route pt.1</a></p>



<p>C5-<a href="https://cyclingcanada.ca/wp-content/uploads//2019/05/C5-RR-Start-List.pdf">Liste de départ – Courses sur route pt.1</a></p>



<p>Communiqué 6 –<a href="https://cyclingcanada.ca/wp-content/uploads//2019/05/Communiqu%C3%A9-6-Infos-RR.02.pdf">&nbsp;Informations des Courses sur route pt.2</a></p>



<p>C7-<a href="https://cyclingcanada.ca/wp-content/uploads//2019/05/C7-RR-Start-List_02.pdf">Liste de départ – Courses sur route pt.2</a></p>



<p>Communiqué 8 –&nbsp;<a href="https://cyclingcanada.ca/wp-content/uploads//2019/05/Communiqu%C3%A9-8-Decisions-Crit-Info.pdf">Décisions du collège et informations du critérium</a></p>



<p>C9-<a href="https://cyclingcanada.ca/wp-content/uploads//2019/05/C9-Crit-Start-List.pdf">Liste de départ – Critérium</a></p>
