{"id":45076,"date":"2020-09-28T10:00:52","date_gmt":"2020-09-28T14:00:52","guid":{"rendered":"https:\/\/cyclingcanada.ca\/?post_type=cc_event&#038;p=45076"},"modified":"2025-05-05T19:28:09","modified_gmt":"2025-05-05T23:28:09","slug":"championnats-canadiens-route-2021-elite-junior-para","status":"publish","type":"cc_event","link":"https:\/\/cyclingcanada.ca\/fr\/event\/championnats-canadiens-route-2021-elite-junior-para\/","title":{"rendered":"Championnats Canadiens Route 2021 &#8211; \u00c9lite\/Junior\/Para"},"content":{"rendered":"\n<h2 class=\"wp-block-heading has-x-large-font-size\">Horaire Pr\u00e9liminaire<\/h2>\n\n\n\n<p>L\u2019horaire complet et les informations de courses sont disponibles dans le Guide Technique. Tout changement \u00e0 l\u2019horaire sera bien inclus dans un communiqu\u00e9 officiel li\u00e9 au bas de cette page.<\/p>\n\n\n\n<figure class=\"wp-block-table is-style-stripes\"><table class=\"has-fixed-layout\"><tbody><tr><td colspan=\"4\"><strong>VENDREDI \u2013 10 septembre \u2013 Contre-la-montre individuel<\/strong><\/td><\/tr><tr><td colspan=\"4\">Toutes cat\u00e9gories courront. Le premier d\u00e9part sera \u00e0&nbsp;<strong>8h00<\/strong>. Pour les informations des parcours des CLM,&nbsp;<strong><a href=\"https:\/\/www.championnatscanadiensroute.com\/fr\/clm\">cliquez ici!<\/a><\/strong><\/td><\/tr><tr><td colspan=\"4\"><strong>SAMEDI \u2013 11 septembre \u2013 Course sur route<\/strong><\/td><\/tr><tr><td>JR F<\/td><td>8h30<\/td><td><a href=\"https:\/\/ridewithgps.com\/routes\/31885629\">Parcours<\/a><\/td><td><\/td><\/tr><tr><td>\u00c9lite H<\/td><td>12h00<\/td><td><a href=\"https:\/\/ridewithgps.com\/routes\/31884415\">Parcours<\/a><\/td><td><\/td><\/tr><tr><td colspan=\"4\"><strong>DIMANCHE \u2013 12 septembre \u2013 Course sur route<\/strong><\/td><\/tr><tr><td>Para<\/td><td>8h00<\/td><td><a href=\"https:\/\/ridewithgps.com\/routes\/29166647\">Parcours<\/a><\/td><td><\/td><\/tr><tr><td>JR H<\/td><td>11h15<\/td><td><a href=\"https:\/\/ridewithgps.com\/routes\/31885522\">Parcours<\/a><\/td><td><\/td><\/tr><tr><td>\u00c9lite F<\/td><td>14h45<\/td><td><a href=\"https:\/\/ridewithgps.com\/routes\/31885522\">Parcours<\/a><\/td><td><\/td><\/tr><\/tbody><\/table><\/figure>\n\n\n\n<div style=\"height:var(--wp--preset--spacing--small)\" aria-hidden=\"true\" class=\"wp-block-spacer\"><\/div>\n\n\n\n<h2 class=\"wp-block-heading has-x-large-font-size\">Listes de d\u00e9part<\/h2>\n\n\n\n<div class=\"wp-block-buttons has-custom-font-size has-small-font-size is-layout-flex wp-block-buttons-is-layout-flex\">\n<div class=\"wp-block-button\"><a class=\"wp-block-button__link wp-element-button\" href=\"https:\/\/cyclingcanada.ca\/wp-content\/uploads\/2021\/09\/C02-ITTStartList.pdf\" target=\"_blank\" rel=\"noreferrer noopener\">Listes de d\u00e9part CLM<\/a><\/div>\n\n\n\n<div class=\"wp-block-button\"><a class=\"wp-block-button__link wp-element-button\" href=\"https:\/\/cyclingcanada.ca\/wp-content\/uploads\/2021\/09\/C16C17-RR-JuniorWEliteM-StartList.pdf\" target=\"_blank\" rel=\"noreferrer noopener\">Listes de d\u00e9part course sur route (samedi)<\/a><\/div>\n\n\n\n<div class=\"wp-block-button\"><a class=\"wp-block-button__link wp-element-button\" href=\"https:\/\/cyclingcanada.ca\/wp-content\/uploads\/2021\/09\/C21C22C23-RR-Start-Lists-Sunday.pdf\" target=\"_blank\" rel=\"noreferrer noopener\">Listes de d\u00e9part course sur route (Dimanche)<\/a><\/div>\n<\/div>\n\n\n\n<div style=\"height:var(--wp--preset--spacing--small)\" aria-hidden=\"true\" class=\"wp-block-spacer\"><\/div>\n\n\n\n<h2 class=\"wp-block-heading has-x-large-font-size\">Guide Technique<\/h2>\n\n\n\n<p>Veuillez&nbsp;<a href=\"https:\/\/cyclingcanada.ca\/wp-content\/uploads\/2021\/08\/Guide-technique-2021-Championnats-canadiens-final-1.pdf\">cliquez ici<\/a>&nbsp;pour consulter le Guide Technique de l\u2019\u00e9v\u00e9nement.<\/p>\n\n\n\n<div style=\"height:var(--wp--preset--spacing--small)\" aria-hidden=\"true\" class=\"wp-block-spacer\"><\/div>\n\n\n\n<h2 class=\"wp-block-heading has-x-large-font-size\">Passeport Vaccinale<\/h2>\n\n\n\n<h5 class=\"wp-block-heading\">Mise \u00e0 jour importante:<\/h5>\n\n\n\n<p><strong>Avec l\u2019introduction du passeport vaccinal au Qu\u00e9bec, veuillez prendre le temps de lire la memo de Cyclisme Canada traitant de l\u2019inclusion du passeport vaccinal dans le processus d\u2019inscriptions pour nos \u00e9v\u00e9nements organis\u00e9s au Qu\u00e9bec.<\/strong><\/p>\n\n\n\n<p><a href=\"https:\/\/cyclingcanada.ca\/wp-content\/uploads\/2021\/09\/Memo-Passeport-Vaccinal-VF-August-30.pdf\"><strong>Qu\u00e9bec passeport vaccinal \u2013 memo (ajout\u00e9 08.30.2021)<\/strong><\/a><\/p>\n\n\n\n<div style=\"height:var(--wp--preset--spacing--small)\" aria-hidden=\"true\" class=\"wp-block-spacer\"><\/div>\n\n\n\n<h2 class=\"wp-block-heading has-x-large-font-size\">Communiqu\u00e9s Officiels<\/h2>\n\n\n\n<p><strong>Communiqu\u00e9 1 \u2013<\/strong>&nbsp;<a href=\"https:\/\/cyclingcanada.ca\/wp-content\/uploads\/2020\/09\/Communique1-Change-in-Para-TT-Distances.pdf\">Distances du contre-la-montre pour cat\u00e9gories para<\/a><\/p>\n\n\n\n<p><strong>Communiqu\u00e9 3&nbsp;<\/strong>\u2013&nbsp;<a href=\"https:\/\/cyclingcanada.ca\/wp-content\/uploads\/2021\/09\/Communique-3-JR-W-Caravan.pdf\">L\u2019ordre de la caravane (Junior Femmes)<\/a><\/p>\n\n\n\n<p><strong>Communiqu\u00e9 4&nbsp;<\/strong>\u2013&nbsp;<a href=\"https:\/\/cyclingcanada.ca\/wp-content\/uploads\/2021\/09\/Communique-4-Elite-U23-W-Caravan.pdf\">L\u2019ordre de la caravane (U23 et \u00c9lite Femmes)<\/a><\/p>\n\n\n\n<p><strong>Communiqu\u00e9 5<\/strong>&nbsp;\u2013&nbsp;<a href=\"https:\/\/cyclingcanada.ca\/wp-content\/uploads\/2021\/09\/Communique-5-JR-M-Caravan.pdf\">L\u2019ordre de la caravane (Junior Hommes)<\/a><\/p>\n\n\n\n<p><strong>Communiqu\u00e9 6<\/strong>&nbsp;\u2013&nbsp;<a href=\"https:\/\/cyclingcanada.ca\/wp-content\/uploads\/2021\/09\/Communique-6-Elite-U23-M-Caravan.pdf\">L\u2019ordre de la caravane (U23 et \u00c9lite Hommes)<\/a><\/p>\n\n\n\n<p><strong>Communiqu\u00e9 24<\/strong>&nbsp;\u2013&nbsp;<a href=\"https:\/\/cyclingcanada.ca\/wp-content\/uploads\/2021\/09\/C24-Elite-U23-M-RR-Decision.pdf\">U23 et \u00c9lite Hommes (Course sur route) \u2013 D\u00e9cision<\/a><\/p>\n\n\n\n<p><strong>Communiqu\u00e9 5R1<\/strong>&nbsp;\u2013&nbsp;<a href=\"https:\/\/cyclingcanada.ca\/wp-content\/uploads\/2021\/09\/C05R1-JuniorM-Caravane-Order.pdf\">L\u2019ordre de la caravane (Junior Hommes)<\/a><\/p>\n\n\n\n<p><strong>Communiqu\u00e9 35<\/strong>&nbsp;\u2013&nbsp;<a href=\"https:\/\/cyclingcanada.ca\/wp-content\/uploads\/2021\/09\/C35-Elite-U23W-JuniorM-RR-Communique.pdf\">Junior Hommes (Course sur route) \u2013 D\u00e9cision<\/a><\/p>\n\n\n\n<p><strong>Communiqu\u00e9 4R1<\/strong>&nbsp;\u2013&nbsp;<a href=\"https:\/\/cyclingcanada.ca\/wp-content\/uploads\/2021\/09\/C04R1-EliteW-Caravane-Order.pdf\">L\u2019ordre de la caravane (U23 et \u00c9lite Femmes)<\/a><\/p>\n\n\n\n<div style=\"height:var(--wp--preset--spacing--medium)\" aria-hidden=\"true\" class=\"wp-block-spacer\"><\/div>\n\n\n\n<div class=\"wp-block-buttons is-layout-flex wp-block-buttons-is-layout-flex\">\n<div class=\"wp-block-button is-style-link is-style-link--1\"><a class=\"wp-block-button__link wp-element-button\" href=\"https:\/\/cyclingcanada.ca\/wp-content\/uploads\/2021\/09\/2021-CanRoadChamp-OfficialResultsBook.pdf\">Livre de r\u00e9sultats officiel<\/a><\/div>\n<\/div>\n\n\n\n<div style=\"height:var(--wp--preset--spacing--medium)\" aria-hidden=\"true\" class=\"wp-block-spacer\"><\/div>\n\n\n\n<p>Pour plus d\u2019informations sur l\u2019\u00e9v\u00e9nement, veuillez visiter le&nbsp;<a href=\"https:\/\/www.championnatscanadiensroute.com\/fr\">site officiel<\/a>&nbsp;de l\u2019organisateur.<\/p>\n\n\n\n<p><\/p>\n","protected":false},"featured_media":0,"menu_order":0,"template":"","meta":{"_acf_changed":false,"advanced_seo_description":"","jetpack_seo_html_title":"","jetpack_seo_noindex":false},"disciplines":[72],"class_list":["post-45076","cc_event","type-cc_event","status-publish","hentry","disciplines-road-fr"],"acf":[],"jetpack_sharing_enabled":true,"_links":{"self":[{"href":"https:\/\/cyclingcanada.ca\/fr\/wp-json\/wp\/v2\/cc_event\/45076","targetHints":{"allow":["GET"]}}],"collection":[{"href":"https:\/\/cyclingcanada.ca\/fr\/wp-json\/wp\/v2\/cc_event"}],"about":[{"href":"https:\/\/cyclingcanada.ca\/fr\/wp-json\/wp\/v2\/types\/cc_event"}],"wp:attachment":[{"href":"https:\/\/cyclingcanada.ca\/fr\/wp-json\/wp\/v2\/media?parent=45076"}],"wp:term":[{"taxonomy":"disciplines","embeddable":true,"href":"https:\/\/cyclingcanada.ca\/fr\/wp-json\/wp\/v2\/disciplines?post=45076"}],"curies":[{"name":"wp","href":"https:\/\/api.w.org\/{rel}","templated":true}]}}

Championnats Canadiens Route 2021 &#8211; Élite/Junior/Para

<h2 class="wp-block-heading has-x-large-font-size">Horaire Préliminaire</h2>



<p>L’horaire complet et les informations de courses sont disponibles dans le Guide Technique. Tout changement à l’horaire sera bien inclus dans un communiqué officiel lié au bas de cette page.</p>



<figure class="wp-block-table is-style-stripes"><table class="has-fixed-layout"><tbody><tr><td colspan="4"><strong>VENDREDI – 10 septembre – Contre-la-montre individuel</strong></td></tr><tr><td colspan="4">Toutes catégories courront. Le premier départ sera à&nbsp;<strong>8h00</strong>. Pour les informations des parcours des CLM,&nbsp;<strong><a href="https://www.championnatscanadiensroute.com/fr/clm">cliquez ici!</a></strong></td></tr><tr><td colspan="4"><strong>SAMEDI – 11 septembre – Course sur route</strong></td></tr><tr><td>JR F</td><td>8h30</td><td><a href="https://ridewithgps.com/routes/31885629">Parcours</a></td><td></td></tr><tr><td>Élite H</td><td>12h00</td><td><a href="https://ridewithgps.com/routes/31884415">Parcours</a></td><td></td></tr><tr><td colspan="4"><strong>DIMANCHE – 12 septembre – Course sur route</strong></td></tr><tr><td>Para</td><td>8h00</td><td><a href="https://ridewithgps.com/routes/29166647">Parcours</a></td><td></td></tr><tr><td>JR H</td><td>11h15</td><td><a href="https://ridewithgps.com/routes/31885522">Parcours</a></td><td></td></tr><tr><td>Élite F</td><td>14h45</td><td><a href="https://ridewithgps.com/routes/31885522">Parcours</a></td><td></td></tr></tbody></table></figure>



<div style="height:var(--wp--preset--spacing--small)" aria-hidden="true" class="wp-block-spacer"></div>



<h2 class="wp-block-heading has-x-large-font-size">Listes de départ</h2>



<div class="wp-block-buttons has-custom-font-size has-small-font-size is-layout-flex wp-block-buttons-is-layout-flex">
<div class="wp-block-button"><a class="wp-block-button__link wp-element-button" href="https://cyclingcanada.ca/wp-content/uploads/2021/09/C02-ITTStartList.pdf" target="_blank" rel="noreferrer noopener">Listes de départ CLM</a></div>



<div class="wp-block-button"><a class="wp-block-button__link wp-element-button" href="https://cyclingcanada.ca/wp-content/uploads/2021/09/C16C17-RR-JuniorWEliteM-StartList.pdf" target="_blank" rel="noreferrer noopener">Listes de départ course sur route (samedi)</a></div>



<div class="wp-block-button"><a class="wp-block-button__link wp-element-button" href="https://cyclingcanada.ca/wp-content/uploads/2021/09/C21C22C23-RR-Start-Lists-Sunday.pdf" target="_blank" rel="noreferrer noopener">Listes de départ course sur route (Dimanche)</a></div>
</div>



<div style="height:var(--wp--preset--spacing--small)" aria-hidden="true" class="wp-block-spacer"></div>



<h2 class="wp-block-heading has-x-large-font-size">Guide Technique</h2>



<p>Veuillez&nbsp;<a href="https://cyclingcanada.ca/wp-content/uploads/2021/08/Guide-technique-2021-Championnats-canadiens-final-1.pdf">cliquez ici</a>&nbsp;pour consulter le Guide Technique de l’événement.</p>



<div style="height:var(--wp--preset--spacing--small)" aria-hidden="true" class="wp-block-spacer"></div>



<h2 class="wp-block-heading has-x-large-font-size">Passeport Vaccinale</h2>



<h5 class="wp-block-heading">Mise à jour importante:</h5>



<p><strong>Avec l’introduction du passeport vaccinal au Québec, veuillez prendre le temps de lire la memo de Cyclisme Canada traitant de l’inclusion du passeport vaccinal dans le processus d’inscriptions pour nos événements organisés au Québec.</strong></p>



<p><a href="https://cyclingcanada.ca/wp-content/uploads/2021/09/Memo-Passeport-Vaccinal-VF-August-30.pdf"><strong>Québec passeport vaccinal – memo (ajouté 08.30.2021)</strong></a></p>



<div style="height:var(--wp--preset--spacing--small)" aria-hidden="true" class="wp-block-spacer"></div>



<h2 class="wp-block-heading has-x-large-font-size">Communiqués Officiels</h2>



<p><strong>Communiqué 1 –</strong>&nbsp;<a href="https://cyclingcanada.ca/wp-content/uploads/2020/09/Communique1-Change-in-Para-TT-Distances.pdf">Distances du contre-la-montre pour catégories para</a></p>



<p><strong>Communiqué 3&nbsp;</strong>–&nbsp;<a href="https://cyclingcanada.ca/wp-content/uploads/2021/09/Communique-3-JR-W-Caravan.pdf">L’ordre de la caravane (Junior Femmes)</a></p>



<p><strong>Communiqué 4&nbsp;</strong>–&nbsp;<a href="https://cyclingcanada.ca/wp-content/uploads/2021/09/Communique-4-Elite-U23-W-Caravan.pdf">L’ordre de la caravane (U23 et Élite Femmes)</a></p>



<p><strong>Communiqué 5</strong>&nbsp;–&nbsp;<a href="https://cyclingcanada.ca/wp-content/uploads/2021/09/Communique-5-JR-M-Caravan.pdf">L’ordre de la caravane (Junior Hommes)</a></p>



<p><strong>Communiqué 6</strong>&nbsp;–&nbsp;<a href="https://cyclingcanada.ca/wp-content/uploads/2021/09/Communique-6-Elite-U23-M-Caravan.pdf">L’ordre de la caravane (U23 et Élite Hommes)</a></p>



<p><strong>Communiqué 24</strong>&nbsp;–&nbsp;<a href="https://cyclingcanada.ca/wp-content/uploads/2021/09/C24-Elite-U23-M-RR-Decision.pdf">U23 et Élite Hommes (Course sur route) – Décision</a></p>



<p><strong>Communiqué 5R1</strong>&nbsp;–&nbsp;<a href="https://cyclingcanada.ca/wp-content/uploads/2021/09/C05R1-JuniorM-Caravane-Order.pdf">L’ordre de la caravane (Junior Hommes)</a></p>



<p><strong>Communiqué 35</strong>&nbsp;–&nbsp;<a href="https://cyclingcanada.ca/wp-content/uploads/2021/09/C35-Elite-U23W-JuniorM-RR-Communique.pdf">Junior Hommes (Course sur route) – Décision</a></p>



<p><strong>Communiqué 4R1</strong>&nbsp;–&nbsp;<a href="https://cyclingcanada.ca/wp-content/uploads/2021/09/C04R1-EliteW-Caravane-Order.pdf">L’ordre de la caravane (U23 et Élite Femmes)</a></p>



<div style="height:var(--wp--preset--spacing--medium)" aria-hidden="true" class="wp-block-spacer"></div>



<div class="wp-block-buttons is-layout-flex wp-block-buttons-is-layout-flex">
<div class="wp-block-button is-style-link is-style-link--1"><a class="wp-block-button__link wp-element-button" href="https://cyclingcanada.ca/wp-content/uploads/2021/09/2021-CanRoadChamp-OfficialResultsBook.pdf">Livre de résultats officiel</a></div>
</div>



<div style="height:var(--wp--preset--spacing--medium)" aria-hidden="true" class="wp-block-spacer"></div>



<p>Pour plus d’informations sur l’événement, veuillez visiter le&nbsp;<a href="https://www.championnatscanadiensroute.com/fr">site officiel</a>&nbsp;de l’organisateur.</p>



<p></p>
