{"id":56123,"date":"2022-11-30T14:57:33","date_gmt":"2022-11-30T18:57:33","guid":{"rendered":"https:\/\/cyclingcanada.ca\/?post_type=cc_event&#038;p=56123"},"modified":"2025-04-30T15:14:28","modified_gmt":"2025-04-30T19:14:28","slug":"st-felicien-coupe-canada-xco-xcc","status":"publish","type":"cc_event","link":"https:\/\/cyclingcanada.ca\/fr\/event\/st-felicien-coupe-canada-xco-xcc\/","title":{"rendered":"St-F\u00e9licien Coupe Canada XCO &amp; XCC"},"content":{"rendered":"\n<h2 class=\"wp-block-heading has-x-large-font-size\">Guide technique<\/h2>\n\n<div class=\"wp-block-group has-gainsboro-background-color has-background has-global-padding is-layout-constrained wp-container-core-group-is-layout-0b57324f wp-block-group-is-layout-constrained\" style=\"margin-top:var(--wp--preset--spacing--small);margin-bottom:var(--wp--preset--spacing--small);padding-top:var(--wp--preset--spacing--medium);padding-right:var(--wp--preset--spacing--medium);padding-bottom:var(--wp--preset--spacing--medium);padding-left:var(--wp--preset--spacing--medium)\">\n<div class=\"wp-block-columns are-vertically-aligned-center is-layout-flex wp-container-core-columns-is-layout-494b7923 wp-block-columns-is-layout-flex\">\n<div class=\"wp-block-column is-vertically-aligned-center is-layout-flow wp-block-column-is-layout-flow\" style=\"flex-basis:75%\">\n<p>Veuillez cliquez sur le bouton pour consulter le guide technique de l\u2019\u00e9v\u00e9nement. (mise \u00e0 jour le 1 ao\u00fbt 2023).<\/p>\n<\/div>\n\n\n\n<div class=\"wp-block-column is-vertically-aligned-center is-layout-flow wp-block-column-is-layout-flow\" style=\"flex-basis:25%\">\n<div class=\"wp-block-buttons is-content-justification-right is-layout-flex wp-container-core-buttons-is-layout-fc306653 wp-block-buttons-is-layout-flex\">\n<div class=\"wp-block-button has-custom-width wp-block-button__width-100 has-custom-font-size has-small-font-size\"><a class=\"wp-block-button__link wp-element-button\" href=\"https:\/\/cyclingcanada.ca\/wp-content\/uploads\/2023\/08\/Coupe-Canada-2023-St-FelicienTech-Guide-Version-1-aou%CC%82t.pdf\" style=\"padding-top:var(--wp--preset--spacing--small);padding-right:var(--wp--preset--spacing--small);padding-bottom:var(--wp--preset--spacing--small);padding-left:var(--wp--preset--spacing--small)\" target=\"_blank\" rel=\"noreferrer noopener\">Guide technique<\/a><\/div>\n<\/div>\n<\/div>\n<\/div>\n<\/div>\n\n<div style=\"height:var(--wp--preset--spacing--small)\" aria-hidden=\"true\" class=\"wp-block-spacer\"><\/div>\n\n<h3 class=\"wp-block-heading has-large-font-size\">Communiqu\u00e9 Officiel<\/h3>\n\n<p class=\"is-style-underline-links\"><a href=\"https:\/\/cyclingcanada.ca\/wp-content\/uploads\/2023\/08\/Communique-of-the-Cycling-Canada-Commissaire-Panel-1.pdf\">Communiqu\u00e9 #1: Reunion des coureurs et managers<\/a><\/p>\n\n<h3 class=\"wp-block-heading has-large-font-size\">Appel des Coureurs<\/h3>\n\n<p class=\"is-style-underline-links\"><a href=\"https:\/\/cyclingcanada.ca\/wp-content\/uploads\/2023\/08\/St.-Fe%CC%81licien-XCC-Callup-Elite.pdf\" target=\"_blank\" rel=\"noreferrer noopener\">Elite XCC<\/a><\/p>\n\n<p class=\"is-style-underline-links\"><a href=\"https:\/\/cyclingcanada.ca\/wp-content\/uploads\/2023\/08\/Call-Up-XCO-St.-Fe%CC%81licien-CanCup.pdf\" target=\"_blank\" rel=\"noreferrer noopener\">Cat\u00e9gories Coupe Canada XCO Call-up<\/a><\/p>\n\n<div style=\"height:var(--wp--preset--spacing--small)\" aria-hidden=\"true\" class=\"wp-block-spacer\"><\/div>\n\n<h2 class=\"wp-block-heading has-x-large-font-size\">Inscription<\/h2>\n\n<div class=\"wp-block-group has-gainsboro-background-color has-background has-global-padding is-layout-constrained wp-container-core-group-is-layout-0b57324f wp-block-group-is-layout-constrained\" style=\"margin-top:var(--wp--preset--spacing--small);margin-bottom:var(--wp--preset--spacing--small);padding-top:var(--wp--preset--spacing--medium);padding-right:var(--wp--preset--spacing--medium);padding-bottom:var(--wp--preset--spacing--medium);padding-left:var(--wp--preset--spacing--medium)\">\n<div class=\"wp-block-columns are-vertically-aligned-center is-layout-flex wp-container-core-columns-is-layout-494b7923 wp-block-columns-is-layout-flex\">\n<div class=\"wp-block-column is-vertically-aligned-center is-layout-flow wp-block-column-is-layout-flow\" style=\"flex-basis:75%\">\n<h5 class=\"wp-block-heading\">XCC (course du samedi)<\/h5>\n\n\n\n<p>L\u2019inscription se termine \u00e0 23h59 HNE le 16 ao\u00fbt 2023. Cliquez sur le bouton pour vous inscrire.<\/p>\n<\/div>\n\n\n\n<div class=\"wp-block-column is-vertically-aligned-center is-layout-flow wp-block-column-is-layout-flow\" style=\"flex-basis:25%\">\n<div class=\"wp-block-buttons is-content-justification-right is-layout-flex wp-container-core-buttons-is-layout-fc306653 wp-block-buttons-is-layout-flex\">\n<div class=\"wp-block-button has-custom-width wp-block-button__width-100 has-custom-font-size has-small-font-size\"><a class=\"wp-block-button__link wp-element-button\" href=\"https:\/\/forms.registration4all.com\/EventRegistration\/Register_Sport_Event.aspx?EventID=195583\" style=\"padding-top:var(--wp--preset--spacing--small);padding-right:var(--wp--preset--spacing--small);padding-bottom:var(--wp--preset--spacing--small);padding-left:var(--wp--preset--spacing--small)\" target=\"_blank\" rel=\"noreferrer noopener\">Inscrivez ici!<\/a><\/div>\n<\/div>\n<\/div>\n<\/div>\n<\/div>\n\n<div class=\"wp-block-group has-gainsboro-background-color has-background has-global-padding is-layout-constrained wp-container-core-group-is-layout-0b57324f wp-block-group-is-layout-constrained\" style=\"margin-top:var(--wp--preset--spacing--small);margin-bottom:var(--wp--preset--spacing--small);padding-top:var(--wp--preset--spacing--medium);padding-right:var(--wp--preset--spacing--medium);padding-bottom:var(--wp--preset--spacing--medium);padding-left:var(--wp--preset--spacing--medium)\">\n<div class=\"wp-block-columns are-vertically-aligned-center is-layout-flex wp-container-core-columns-is-layout-494b7923 wp-block-columns-is-layout-flex\">\n<div class=\"wp-block-column is-vertically-aligned-center is-layout-flow wp-block-column-is-layout-flow\" style=\"flex-basis:75%\">\n<h5 class=\"wp-block-heading\">XCO (course du dimanche)<\/h5>\n\n\n\n<p>L\u2019inscription se termine \u00e0 23h59 HNE le 16 ao\u00fbt 2023. Cliquez sur le bouton pour vous inscrire.<\/p>\n<\/div>\n\n\n\n<div class=\"wp-block-column is-vertically-aligned-center is-layout-flow wp-block-column-is-layout-flow\" style=\"flex-basis:25%\">\n<div class=\"wp-block-buttons is-content-justification-right is-layout-flex wp-container-core-buttons-is-layout-fc306653 wp-block-buttons-is-layout-flex\">\n<div class=\"wp-block-button has-custom-width wp-block-button__width-100 has-custom-font-size has-small-font-size\"><a class=\"wp-block-button__link wp-element-button\" href=\"https:\/\/forms.registration4all.com\/EventRegistration\/Register_Sport_Event.aspx?EventID=195584\" style=\"padding-top:var(--wp--preset--spacing--small);padding-right:var(--wp--preset--spacing--small);padding-bottom:var(--wp--preset--spacing--small);padding-left:var(--wp--preset--spacing--small)\" target=\"_blank\" rel=\"noreferrer noopener\">Inscrivez ici!<\/a><\/div>\n<\/div>\n<\/div>\n<\/div>\n<\/div>\n\n<div style=\"height:var(--wp--preset--spacing--medium)\" aria-hidden=\"true\" class=\"wp-block-spacer\"><\/div>\n\n<figure class=\"wp-block-image aligncenter size-medium\"><img loading=\"lazy\" decoding=\"async\" width=\"300\" height=\"298\" src=\"https:\/\/cyclingcanada.ca\/wp-content\/uploads\/2023\/12\/canada-cup-mtb-red-300x298.png\" alt=\"Logo de la Coupe Canada en rouge et blanc. &#xAB; S&#xE9;rie nationale de VTT. S&#xE9;rie VM Nationale. Coupe Canada Cup. &#xBB; inscrit &#xE0; l'ext&#xE9;rieur.\" class=\"wp-image-62928\" srcset=\"https:\/\/cyclingcanada.ca\/wp-content\/uploads\/2023\/12\/canada-cup-mtb-red-300x298.png 300w, https:\/\/cyclingcanada.ca\/wp-content\/uploads\/2023\/12\/canada-cup-mtb-red-1030x1023.png 1030w, https:\/\/cyclingcanada.ca\/wp-content\/uploads\/2023\/12\/canada-cup-mtb-red-80x80.png 80w, https:\/\/cyclingcanada.ca\/wp-content\/uploads\/2023\/12\/canada-cup-mtb-red-768x763.png 768w, https:\/\/cyclingcanada.ca\/wp-content\/uploads\/2023\/12\/canada-cup-mtb-red-36x36.png 36w, https:\/\/cyclingcanada.ca\/wp-content\/uploads\/2023\/12\/canada-cup-mtb-red-180x180.png 180w, https:\/\/cyclingcanada.ca\/wp-content\/uploads\/2023\/12\/canada-cup-mtb-red-705x700.png 705w, https:\/\/cyclingcanada.ca\/wp-content\/uploads\/2023\/12\/canada-cup-mtb-red.png 1265w\" sizes=\"auto, (max-width: 300px) 100vw, 300px\" \/><\/figure>\n","protected":false},"featured_media":0,"menu_order":0,"template":"","meta":{"_acf_changed":false,"advanced_seo_description":"","jetpack_seo_html_title":"","jetpack_seo_noindex":false},"disciplines":[55],"class_list":["post-56123","cc_event","type-cc_event","status-publish","hentry","disciplines-velo-de-montagne"],"acf":[],"jetpack_sharing_enabled":true,"_links":{"self":[{"href":"https:\/\/cyclingcanada.ca\/fr\/wp-json\/wp\/v2\/cc_event\/56123","targetHints":{"allow":["GET"]}}],"collection":[{"href":"https:\/\/cyclingcanada.ca\/fr\/wp-json\/wp\/v2\/cc_event"}],"about":[{"href":"https:\/\/cyclingcanada.ca\/fr\/wp-json\/wp\/v2\/types\/cc_event"}],"wp:attachment":[{"href":"https:\/\/cyclingcanada.ca\/fr\/wp-json\/wp\/v2\/media?parent=56123"}],"wp:term":[{"taxonomy":"disciplines","embeddable":true,"href":"https:\/\/cyclingcanada.ca\/fr\/wp-json\/wp\/v2\/disciplines?post=56123"}],"curies":[{"name":"wp","href":"https:\/\/api.w.org\/{rel}","templated":true}]}}

St-Félicien Coupe Canada XCO &amp; XCC

<h2 class="wp-block-heading has-x-large-font-size">Guide technique</h2>

<div class="wp-block-group has-gainsboro-background-color has-background has-global-padding is-layout-constrained wp-container-core-group-is-layout-0b57324f wp-block-group-is-layout-constrained" style="margin-top:var(--wp--preset--spacing--small);margin-bottom:var(--wp--preset--spacing--small);padding-top:var(--wp--preset--spacing--medium);padding-right:var(--wp--preset--spacing--medium);padding-bottom:var(--wp--preset--spacing--medium);padding-left:var(--wp--preset--spacing--medium)">
<div class="wp-block-columns are-vertically-aligned-center is-layout-flex wp-container-core-columns-is-layout-494b7923 wp-block-columns-is-layout-flex">
<div class="wp-block-column is-vertically-aligned-center is-layout-flow wp-block-column-is-layout-flow" style="flex-basis:75%">
<p>Veuillez cliquez sur le bouton pour consulter le guide technique de l’événement. (mise à jour le 1 août 2023).</p>
</div>



<div class="wp-block-column is-vertically-aligned-center is-layout-flow wp-block-column-is-layout-flow" style="flex-basis:25%">
<div class="wp-block-buttons is-content-justification-right is-layout-flex wp-container-core-buttons-is-layout-fc306653 wp-block-buttons-is-layout-flex">
<div class="wp-block-button has-custom-width wp-block-button__width-100 has-custom-font-size has-small-font-size"><a class="wp-block-button__link wp-element-button" href="https://cyclingcanada.ca/wp-content/uploads/2023/08/Coupe-Canada-2023-St-FelicienTech-Guide-Version-1-aou%CC%82t.pdf" style="padding-top:var(--wp--preset--spacing--small);padding-right:var(--wp--preset--spacing--small);padding-bottom:var(--wp--preset--spacing--small);padding-left:var(--wp--preset--spacing--small)" target="_blank" rel="noreferrer noopener">Guide technique</a></div>
</div>
</div>
</div>
</div>

<div style="height:var(--wp--preset--spacing--small)" aria-hidden="true" class="wp-block-spacer"></div>

<h3 class="wp-block-heading has-large-font-size">Communiqué Officiel</h3>

<p class="is-style-underline-links"><a href="https://cyclingcanada.ca/wp-content/uploads/2023/08/Communique-of-the-Cycling-Canada-Commissaire-Panel-1.pdf">Communiqué #1: Reunion des coureurs et managers</a></p>

<h3 class="wp-block-heading has-large-font-size">Appel des Coureurs</h3>

<p class="is-style-underline-links"><a href="https://cyclingcanada.ca/wp-content/uploads/2023/08/St.-Fe%CC%81licien-XCC-Callup-Elite.pdf" target="_blank" rel="noreferrer noopener">Elite XCC</a></p>

<p class="is-style-underline-links"><a href="https://cyclingcanada.ca/wp-content/uploads/2023/08/Call-Up-XCO-St.-Fe%CC%81licien-CanCup.pdf" target="_blank" rel="noreferrer noopener">Catégories Coupe Canada XCO Call-up</a></p>

<div style="height:var(--wp--preset--spacing--small)" aria-hidden="true" class="wp-block-spacer"></div>

<h2 class="wp-block-heading has-x-large-font-size">Inscription</h2>

<div class="wp-block-group has-gainsboro-background-color has-background has-global-padding is-layout-constrained wp-container-core-group-is-layout-0b57324f wp-block-group-is-layout-constrained" style="margin-top:var(--wp--preset--spacing--small);margin-bottom:var(--wp--preset--spacing--small);padding-top:var(--wp--preset--spacing--medium);padding-right:var(--wp--preset--spacing--medium);padding-bottom:var(--wp--preset--spacing--medium);padding-left:var(--wp--preset--spacing--medium)">
<div class="wp-block-columns are-vertically-aligned-center is-layout-flex wp-container-core-columns-is-layout-494b7923 wp-block-columns-is-layout-flex">
<div class="wp-block-column is-vertically-aligned-center is-layout-flow wp-block-column-is-layout-flow" style="flex-basis:75%">
<h5 class="wp-block-heading">XCC (course du samedi)</h5>



<p>L’inscription se termine à 23h59 HNE le 16 août 2023. Cliquez sur le bouton pour vous inscrire.</p>
</div>



<div class="wp-block-column is-vertically-aligned-center is-layout-flow wp-block-column-is-layout-flow" style="flex-basis:25%">
<div class="wp-block-buttons is-content-justification-right is-layout-flex wp-container-core-buttons-is-layout-fc306653 wp-block-buttons-is-layout-flex">
<div class="wp-block-button has-custom-width wp-block-button__width-100 has-custom-font-size has-small-font-size"><a class="wp-block-button__link wp-element-button" href="https://forms.registration4all.com/EventRegistration/Register_Sport_Event.aspx?EventID=195583" style="padding-top:var(--wp--preset--spacing--small);padding-right:var(--wp--preset--spacing--small);padding-bottom:var(--wp--preset--spacing--small);padding-left:var(--wp--preset--spacing--small)" target="_blank" rel="noreferrer noopener">Inscrivez ici!</a></div>
</div>
</div>
</div>
</div>

<div class="wp-block-group has-gainsboro-background-color has-background has-global-padding is-layout-constrained wp-container-core-group-is-layout-0b57324f wp-block-group-is-layout-constrained" style="margin-top:var(--wp--preset--spacing--small);margin-bottom:var(--wp--preset--spacing--small);padding-top:var(--wp--preset--spacing--medium);padding-right:var(--wp--preset--spacing--medium);padding-bottom:var(--wp--preset--spacing--medium);padding-left:var(--wp--preset--spacing--medium)">
<div class="wp-block-columns are-vertically-aligned-center is-layout-flex wp-container-core-columns-is-layout-494b7923 wp-block-columns-is-layout-flex">
<div class="wp-block-column is-vertically-aligned-center is-layout-flow wp-block-column-is-layout-flow" style="flex-basis:75%">
<h5 class="wp-block-heading">XCO (course du dimanche)</h5>



<p>L’inscription se termine à 23h59 HNE le 16 août 2023. Cliquez sur le bouton pour vous inscrire.</p>
</div>



<div class="wp-block-column is-vertically-aligned-center is-layout-flow wp-block-column-is-layout-flow" style="flex-basis:25%">
<div class="wp-block-buttons is-content-justification-right is-layout-flex wp-container-core-buttons-is-layout-fc306653 wp-block-buttons-is-layout-flex">
<div class="wp-block-button has-custom-width wp-block-button__width-100 has-custom-font-size has-small-font-size"><a class="wp-block-button__link wp-element-button" href="https://forms.registration4all.com/EventRegistration/Register_Sport_Event.aspx?EventID=195584" style="padding-top:var(--wp--preset--spacing--small);padding-right:var(--wp--preset--spacing--small);padding-bottom:var(--wp--preset--spacing--small);padding-left:var(--wp--preset--spacing--small)" target="_blank" rel="noreferrer noopener">Inscrivez ici!</a></div>
</div>
</div>
</div>
</div>

<div style="height:var(--wp--preset--spacing--medium)" aria-hidden="true" class="wp-block-spacer"></div>

<figure class="wp-block-image aligncenter size-medium"><img loading="lazy" decoding="async" width="300" height="298" src="https://cyclingcanada.ca/wp-content/uploads/2023/12/canada-cup-mtb-red-300x298.png" alt="Logo de la Coupe Canada en rouge et blanc. &#xAB; S&#xE9;rie nationale de VTT. S&#xE9;rie VM Nationale. Coupe Canada Cup. &#xBB; inscrit &#xE0; l'ext&#xE9;rieur." class="wp-image-62928" srcset="https://cyclingcanada.ca/wp-content/uploads/2023/12/canada-cup-mtb-red-300x298.png 300w, https://cyclingcanada.ca/wp-content/uploads/2023/12/canada-cup-mtb-red-1030x1023.png 1030w, https://cyclingcanada.ca/wp-content/uploads/2023/12/canada-cup-mtb-red-80x80.png 80w, https://cyclingcanada.ca/wp-content/uploads/2023/12/canada-cup-mtb-red-768x763.png 768w, https://cyclingcanada.ca/wp-content/uploads/2023/12/canada-cup-mtb-red-36x36.png 36w, https://cyclingcanada.ca/wp-content/uploads/2023/12/canada-cup-mtb-red-180x180.png 180w, https://cyclingcanada.ca/wp-content/uploads/2023/12/canada-cup-mtb-red-705x700.png 705w, https://cyclingcanada.ca/wp-content/uploads/2023/12/canada-cup-mtb-red.png 1265w" sizes="auto, (max-width: 300px) 100vw, 300px" /></figure>
