{"id":56126,"date":"2022-11-30T14:58:51","date_gmt":"2022-11-30T18:58:51","guid":{"rendered":"https:\/\/cyclingcanada.ca\/?post_type=cc_event&#038;p=56126"},"modified":"2025-04-28T19:02:21","modified_gmt":"2025-04-28T23:02:21","slug":"championnats-canadiens-xcm-2023","status":"publish","type":"cc_event","link":"https:\/\/cyclingcanada.ca\/fr\/event\/championnats-canadiens-xcm-2023\/","title":{"rendered":"Championnats Canadiens XCM 2023"},"content":{"rendered":"\n<figure class=\"wp-block-image aligncenter size-medium\"><img loading=\"lazy\" decoding=\"async\" width=\"198\" height=\"300\" src=\"https:\/\/cyclingcanada.ca\/wp-content\/uploads\/2023\/01\/championships-xcm-red-198x300.png\" alt=\"\" class=\"wp-image-57256\" srcset=\"https:\/\/cyclingcanada.ca\/wp-content\/uploads\/2023\/01\/championships-xcm-red-198x300.png 198w, https:\/\/cyclingcanada.ca\/wp-content\/uploads\/2023\/01\/championships-xcm-red-681x1030.png 681w, https:\/\/cyclingcanada.ca\/wp-content\/uploads\/2023\/01\/championships-xcm-red-768x1161.png 768w, https:\/\/cyclingcanada.ca\/wp-content\/uploads\/2023\/01\/championships-xcm-red-992x1500.png 992w, https:\/\/cyclingcanada.ca\/wp-content\/uploads\/2023\/01\/championships-xcm-red-466x705.png 466w, https:\/\/cyclingcanada.ca\/wp-content\/uploads\/2023\/01\/championships-xcm-red.png 1000w\" sizes=\"auto, (max-width: 198px) 100vw, 198px\" \/><\/figure>\n\n<h2 class=\"wp-block-heading\">Inscription<\/h2>\n\n<div class=\"wp-block-group has-gainsboro-background-color has-background has-global-padding is-layout-constrained wp-container-core-group-is-layout-0b57324f wp-block-group-is-layout-constrained\" style=\"margin-top:var(--wp--preset--spacing--small);margin-bottom:var(--wp--preset--spacing--small);padding-top:var(--wp--preset--spacing--medium);padding-right:var(--wp--preset--spacing--medium);padding-bottom:var(--wp--preset--spacing--medium);padding-left:var(--wp--preset--spacing--medium)\">\n<div class=\"wp-block-columns are-vertically-aligned-center is-layout-flex wp-container-core-columns-is-layout-494b7923 wp-block-columns-is-layout-flex\">\n<div class=\"wp-block-column is-vertically-aligned-center is-layout-flow wp-block-column-is-layout-flow\" style=\"flex-basis:75%\">\n<p>L\u2019inscription en ligne est maintenant ouverte et se poursuivra jusqu\u2019\u00e0 23h59 HNR le 29 ao\u00fbt. Cliquez sur le bouton pour vous inscrire.<\/p>\n<\/div>\n\n\n\n<div class=\"wp-block-column is-vertically-aligned-center is-layout-flow wp-block-column-is-layout-flow\" style=\"flex-basis:25%\">\n<div class=\"wp-block-buttons is-content-justification-right is-layout-flex wp-container-core-buttons-is-layout-fc306653 wp-block-buttons-is-layout-flex\">\n<div class=\"wp-block-button has-custom-width wp-block-button__width-100 has-custom-font-size has-small-font-size\"><a class=\"wp-block-button__link wp-element-button\" href=\"https:\/\/ccnbikes.com\/#!\/events\/20255-2023-canadian-xcm-mtb-championships\" style=\"padding-top:var(--wp--preset--spacing--small);padding-right:var(--wp--preset--spacing--small);padding-bottom:var(--wp--preset--spacing--small);padding-left:var(--wp--preset--spacing--small)\">Inscrivez<\/a><\/div>\n<\/div>\n<\/div>\n<\/div>\n<\/div>\n\n<h2 class=\"wp-block-heading\">Guide Technique et informations de l&#8217;\u00e9v\u00e9nement<\/h2>\n\n<p>Veuillez visiter la page web de l\u2019organisateur pour obtenir le guide technique (mise \u00e0 jour le 28 ao\u00fbt) et les informations les plus r\u00e9centes de l\u2019\u00e9v\u00e9nement.<\/p>\n\n<div class=\"wp-block-columns is-layout-flex wp-container-core-columns-is-layout-28f84493 wp-block-columns-is-layout-flex\">\n<div class=\"wp-block-column is-layout-flow wp-block-column-is-layout-flow\" style=\"flex-basis:100%\">\n<div class=\"wp-block-buttons is-layout-flex wp-block-buttons-is-layout-flex\">\n<div class=\"wp-block-button\"><a class=\"wp-block-button__link wp-element-button\" href=\"https:\/\/yukoncycling.com\/index.php\/pages\/detail\/2023-canadian-xcm-mtb-championships\">page web de l&#8217;\u00e9v\u00e9nement<\/a><\/div>\n\n\n\n<div class=\"wp-block-button\"><a class=\"wp-block-button__link wp-element-button\" href=\"https:\/\/zone4.ca\/event\/2023\/https:\/\/yukoncycling.com\/index.php\/pages\/detail\/2023-canadian-xcm-mtb-championships\/\">listes de d\u00e9parts et r\u00e9sultas<\/a><\/div>\n<\/div>\n<\/div>\n<\/div>\n\n<h2 class=\"wp-block-heading\">Together on the Trail: Mountain Biking in the Land of the Midnight Sun<\/h2>\n\n<p>Joignez-vous \u00e0 Cyclisme Canada pour le lancement d\u2019un court m\u00e9trage c\u00e9l\u00e9brant la communaut\u00e9 unique de v\u00e9lo de montagne du Yukon, en partenariat avec la Cycling Association of Yukon, Air North et Sport Yukon. Organis\u00e9e par Air North, la soir\u00e9e vous permettra d\u2019aller chercher vos plaques de course avec une ambiance musicale, des prix et un nombre limit\u00e9 d\u2019aliments et de boissons. <\/p>\n\n<p>Heure : de 16 h 30 \u00e0 18 h<br\/>Date : 2 sept : 2 septembre, 22023<br\/>Lieu : Salle Grey Mountain, Mont McIntyre Salle Grey Mountain, Centre r\u00e9cr\u00e9atif Mount McIntyre, 1 Sumanik Dr, Whitehorse, YT Y1A 6T1<\/p>\n","protected":false},"featured_media":0,"menu_order":0,"template":"","meta":{"_acf_changed":false,"advanced_seo_description":"","jetpack_seo_html_title":"","jetpack_seo_noindex":false},"disciplines":[55],"class_list":["post-56126","cc_event","type-cc_event","status-publish","hentry","disciplines-velo-de-montagne"],"acf":[],"jetpack_sharing_enabled":true,"_links":{"self":[{"href":"https:\/\/cyclingcanada.ca\/fr\/wp-json\/wp\/v2\/cc_event\/56126","targetHints":{"allow":["GET"]}}],"collection":[{"href":"https:\/\/cyclingcanada.ca\/fr\/wp-json\/wp\/v2\/cc_event"}],"about":[{"href":"https:\/\/cyclingcanada.ca\/fr\/wp-json\/wp\/v2\/types\/cc_event"}],"wp:attachment":[{"href":"https:\/\/cyclingcanada.ca\/fr\/wp-json\/wp\/v2\/media?parent=56126"}],"wp:term":[{"taxonomy":"disciplines","embeddable":true,"href":"https:\/\/cyclingcanada.ca\/fr\/wp-json\/wp\/v2\/disciplines?post=56126"}],"curies":[{"name":"wp","href":"https:\/\/api.w.org\/{rel}","templated":true}]}}

<figure class="wp-block-image aligncenter size-medium"><img loading="lazy" decoding="async" width="198" height="300" src="https://cyclingcanada.ca/wp-content/uploads/2023/01/championships-xcm-red-198x300.png" alt="" class="wp-image-57256" srcset="https://cyclingcanada.ca/wp-content/uploads/2023/01/championships-xcm-red-198x300.png 198w, https://cyclingcanada.ca/wp-content/uploads/2023/01/championships-xcm-red-681x1030.png 681w, https://cyclingcanada.ca/wp-content/uploads/2023/01/championships-xcm-red-768x1161.png 768w, https://cyclingcanada.ca/wp-content/uploads/2023/01/championships-xcm-red-992x1500.png 992w, https://cyclingcanada.ca/wp-content/uploads/2023/01/championships-xcm-red-466x705.png 466w, https://cyclingcanada.ca/wp-content/uploads/2023/01/championships-xcm-red.png 1000w" sizes="auto, (max-width: 198px) 100vw, 198px" /></figure>

<h2 class="wp-block-heading">Inscription</h2>

<div class="wp-block-group has-gainsboro-background-color has-background has-global-padding is-layout-constrained wp-container-core-group-is-layout-0b57324f wp-block-group-is-layout-constrained" style="margin-top:var(--wp--preset--spacing--small);margin-bottom:var(--wp--preset--spacing--small);padding-top:var(--wp--preset--spacing--medium);padding-right:var(--wp--preset--spacing--medium);padding-bottom:var(--wp--preset--spacing--medium);padding-left:var(--wp--preset--spacing--medium)">
<div class="wp-block-columns are-vertically-aligned-center is-layout-flex wp-container-core-columns-is-layout-494b7923 wp-block-columns-is-layout-flex">
<div class="wp-block-column is-vertically-aligned-center is-layout-flow wp-block-column-is-layout-flow" style="flex-basis:75%">
<p>L’inscription en ligne est maintenant ouverte et se poursuivra jusqu’à 23h59 HNR le 29 août. Cliquez sur le bouton pour vous inscrire.</p>
</div>



<div class="wp-block-column is-vertically-aligned-center is-layout-flow wp-block-column-is-layout-flow" style="flex-basis:25%">
<div class="wp-block-buttons is-content-justification-right is-layout-flex wp-container-core-buttons-is-layout-fc306653 wp-block-buttons-is-layout-flex">
<div class="wp-block-button has-custom-width wp-block-button__width-100 has-custom-font-size has-small-font-size"><a class="wp-block-button__link wp-element-button" href="https://ccnbikes.com/#!/events/20255-2023-canadian-xcm-mtb-championships" style="padding-top:var(--wp--preset--spacing--small);padding-right:var(--wp--preset--spacing--small);padding-bottom:var(--wp--preset--spacing--small);padding-left:var(--wp--preset--spacing--small)">Inscrivez</a></div>
</div>
</div>
</div>
</div>

<h2 class="wp-block-heading">Guide Technique et informations de l&#8217;événement</h2>

<p>Veuillez visiter la page web de l’organisateur pour obtenir le guide technique (mise à jour le 28 août) et les informations les plus récentes de l’événement.</p>

<div class="wp-block-columns is-layout-flex wp-container-core-columns-is-layout-28f84493 wp-block-columns-is-layout-flex">
<div class="wp-block-column is-layout-flow wp-block-column-is-layout-flow" style="flex-basis:100%">
<div class="wp-block-buttons is-layout-flex wp-block-buttons-is-layout-flex">
<div class="wp-block-button"><a class="wp-block-button__link wp-element-button" href="https://yukoncycling.com/index.php/pages/detail/2023-canadian-xcm-mtb-championships">page web de l&#8217;événement</a></div>



<div class="wp-block-button"><a class="wp-block-button__link wp-element-button" href="https://zone4.ca/event/2023/https://yukoncycling.com/index.php/pages/detail/2023-canadian-xcm-mtb-championships/">listes de départs et résultas</a></div>
</div>
</div>
</div>

<h2 class="wp-block-heading">Together on the Trail: Mountain Biking in the Land of the Midnight Sun</h2>

<p>Joignez-vous à Cyclisme Canada pour le lancement d’un court métrage célébrant la communauté unique de vélo de montagne du Yukon, en partenariat avec la Cycling Association of Yukon, Air North et Sport Yukon. Organisée par Air North, la soirée vous permettra d’aller chercher vos plaques de course avec une ambiance musicale, des prix et un nombre limité d’aliments et de boissons. </p>

<p>Heure : de 16 h 30 à 18 h<br/>Date : 2 sept : 2 septembre, 22023<br/>Lieu : Salle Grey Mountain, Mont McIntyre Salle Grey Mountain, Centre récréatif Mount McIntyre, 1 Sumanik Dr, Whitehorse, YT Y1A 6T1</p>
