{"id":56178,"date":"2022-11-30T14:00:28","date_gmt":"2022-11-30T18:00:28","guid":{"rendered":"https:\/\/cyclingcanada.ca\/?post_type=cc_event&#038;p=56178"},"modified":"2025-04-30T17:29:26","modified_gmt":"2025-04-30T21:29:26","slug":"championnats-canadiens-route-2023-maitres","status":"publish","type":"cc_event","link":"https:\/\/cyclingcanada.ca\/fr\/event\/championnats-canadiens-route-2023-maitres\/","title":{"rendered":"CHAMPIONNATS CANADIENS ROUTE 2023 (MA\u00ceTRES)"},"content":{"rendered":"\n<figure class=\"wp-block-image aligncenter size-medium\"><img loading=\"lazy\" decoding=\"async\" width=\"198\" height=\"300\" src=\"https:\/\/cyclingcanada.ca\/wp-content\/uploads\/2023\/01\/championships-road-red-198x300.png\" alt=\"\" class=\"wp-image-57260\" srcset=\"https:\/\/cyclingcanada.ca\/wp-content\/uploads\/2023\/01\/championships-road-red-198x300.png 198w, https:\/\/cyclingcanada.ca\/wp-content\/uploads\/2023\/01\/championships-road-red-681x1030.png 681w, https:\/\/cyclingcanada.ca\/wp-content\/uploads\/2023\/01\/championships-road-red-768x1161.png 768w, https:\/\/cyclingcanada.ca\/wp-content\/uploads\/2023\/01\/championships-road-red-992x1500.png 992w, https:\/\/cyclingcanada.ca\/wp-content\/uploads\/2023\/01\/championships-road-red-466x705.png 466w, https:\/\/cyclingcanada.ca\/wp-content\/uploads\/2023\/01\/championships-road-red.png 1000w\" sizes=\"auto, (max-width: 198px) 100vw, 198px\" \/><\/figure>\n\n<div style=\"height:16px\" aria-hidden=\"true\" class=\"wp-block-spacer\"><\/div>\n\n<h2 class=\"wp-block-heading has-x-large-font-size\">Changement d&#8217;horaire<\/h2>\n\n<p>Veuillez <a href=\"https:\/\/cyclingcanada.ca\/wp-content\/uploads\/2023\/06\/06.30.2023-Communique%CC%81-of-the-Commissaires-Panel.pdf\" target=\"_blank\" rel=\"noreferrer noopener\">cliquer ici<\/a> pour consulter le Communiqu\u00e9 du Commissaire Panel 01 concernant une mise \u00e0 jour des courses de crit\u00e9rium des Ma\u00eetres canadiens et qu\u00e9b\u00e9cois <em>(publi\u00e9 \u00e0 18h00 le 30 juin 2023).<\/em><\/p>\n\n<div style=\"height:16px\" aria-hidden=\"true\" class=\"wp-block-spacer\"><\/div>\n\n<h2 class=\"wp-block-heading has-x-large-font-size\">Listes de D\u00e9parts<\/h2>\n\n<p class=\"is-style-underline-links\"><a href=\"https:\/\/cyclingcanada.ca\/wp-content\/uploads\/2023\/06\/de%CC%81part-CLMI1-06.28.2023.pdf\" target=\"_blank\" rel=\"noreferrer noopener\">Contre-la-montre<\/a> <em>(publi\u00e9e \u00e0 19h40 le 28 juin 2023)<\/em><\/p>\n\n<div style=\"height:16px\" aria-hidden=\"true\" class=\"wp-block-spacer\"><\/div>\n\n<h2 class=\"wp-block-heading has-x-large-font-size\">Inscription<\/h2>\n\n<div class=\"wp-block-group has-gainsboro-background-color has-background has-global-padding is-layout-constrained wp-container-core-group-is-layout-0b57324f wp-block-group-is-layout-constrained\" style=\"margin-top:var(--wp--preset--spacing--small);margin-bottom:var(--wp--preset--spacing--small);padding-top:var(--wp--preset--spacing--medium);padding-right:var(--wp--preset--spacing--medium);padding-bottom:var(--wp--preset--spacing--medium);padding-left:var(--wp--preset--spacing--medium)\">\n<div class=\"wp-block-columns are-vertically-aligned-center is-layout-flex wp-container-core-columns-is-layout-494b7923 wp-block-columns-is-layout-flex\">\n<div class=\"wp-block-column is-vertically-aligned-center is-layout-flow wp-block-column-is-layout-flow\" style=\"flex-basis:75%\">\n<p>L\u2019inscription \u00e0 l\u2019\u00e9v\u00e9nement est maintenant en ligne ! Veuillez cliquer sur le bouton \u00e0 droite pour vous inscrire \u00e0 l\u2019\u00e9v\u00e9nement. L\u2019inscription en ligne sera cl\u00f4tur\u00e9e le 27 juin \u00e0 23h59 EST.  <\/p>\n<\/div>\n\n\n\n<div class=\"wp-block-column is-vertically-aligned-center is-layout-flow wp-block-column-is-layout-flow\" style=\"flex-basis:25%\">\n<div class=\"wp-block-buttons is-content-justification-right is-layout-flex wp-container-core-buttons-is-layout-fc306653 wp-block-buttons-is-layout-flex\">\n<div class=\"wp-block-button has-custom-width wp-block-button__width-100 has-custom-font-size has-small-font-size\"><a class=\"wp-block-button__link wp-element-button\" href=\"https:\/\/forms.registration4all.com\/EventRegistration\/Register_Sport_Event.aspx?EventID=192314\" style=\"padding-top:var(--wp--preset--spacing--small);padding-right:var(--wp--preset--spacing--small);padding-bottom:var(--wp--preset--spacing--small);padding-left:var(--wp--preset--spacing--small)\">Inscrivez ici!<\/a><\/div>\n<\/div>\n<\/div>\n<\/div>\n<\/div>\n\n<div style=\"height:16px\" aria-hidden=\"true\" class=\"wp-block-spacer\"><\/div>\n\n<h2 class=\"wp-block-heading has-x-large-font-size\">Guide technique<\/h2>\n\n<div class=\"wp-block-group has-gainsboro-background-color has-background has-global-padding is-layout-constrained wp-container-core-group-is-layout-0b57324f wp-block-group-is-layout-constrained\" style=\"margin-top:var(--wp--preset--spacing--small);margin-bottom:var(--wp--preset--spacing--small);padding-top:var(--wp--preset--spacing--medium);padding-right:var(--wp--preset--spacing--medium);padding-bottom:var(--wp--preset--spacing--medium);padding-left:var(--wp--preset--spacing--medium)\">\n<div class=\"wp-block-columns are-vertically-aligned-center is-layout-flex wp-container-core-columns-is-layout-494b7923 wp-block-columns-is-layout-flex\">\n<div class=\"wp-block-column is-vertically-aligned-center is-layout-flow wp-block-column-is-layout-flow\" style=\"flex-basis:75%\">\n<p>Veuillez cliquer sur le bouton \u00e0 droite pour acc\u00e9der \u00e0 la version pr\u00e9liminaire du guide technique de l\u2019\u00e9v\u00e9nement. Ce document est susceptible d\u2019\u00eatre modifi\u00e9 sous r\u00e9serve de l\u2019approbation du Commissaire en chef (mis \u00e0 jour le 26 juin 2023).  <\/p>\n<\/div>\n\n\n\n<div class=\"wp-block-column is-vertically-aligned-center is-layout-flow wp-block-column-is-layout-flow\" style=\"flex-basis:25%\">\n<div class=\"wp-block-buttons is-content-justification-right is-layout-flex wp-container-core-buttons-is-layout-fc306653 wp-block-buttons-is-layout-flex\">\n<div class=\"wp-block-button has-custom-width wp-block-button__width-100 has-custom-font-size has-small-font-size\"><a class=\"wp-block-button__link wp-element-button\" href=\"https:\/\/cyclingcanada.ca\/wp-content\/uploads\/2023\/06\/Technical-Guide-2023-Canadian-Road-Championships-Masters-DRAFT-06.26.2023.pdf\" style=\"padding-top:var(--wp--preset--spacing--small);padding-right:var(--wp--preset--spacing--small);padding-bottom:var(--wp--preset--spacing--small);padding-left:var(--wp--preset--spacing--small)\">Guide technique<\/a><\/div>\n<\/div>\n<\/div>\n<\/div>\n<\/div>\n\n<div style=\"height:16px\" aria-hidden=\"true\" class=\"wp-block-spacer\"><\/div>\n\n<h3 class=\"wp-block-heading\">M\u00c9MO DE DISTRIBUTION DU KIT DU MA\u00ceTRE pour les Championnats du monde Gran Fondo UCI 2023<\/h3>\n\n<p>Veuillez <a href=\"https:\/\/cyclingcanada.ca\/wp-content\/uploads\/2023\/06\/Masters-Kit-Distribution-Memo-.pdf\">cliquer ici <\/a>pour obtenir plus d\u2019information sur le processus et la politique de Cyclisme Canada concernant la distribution des trousses des ma\u00eetres lors des Championnats du monde Gran Fondo UCI 2023 <em>(publi\u00e9 le 28 juin 2023)<\/em>.<\/p>\n\n<div style=\"height:16px\" aria-hidden=\"true\" class=\"wp-block-spacer\"><\/div>\n\n<h3 class=\"wp-block-heading\">Attribution des wildcards pour les Championnats du monde Gran Fondo UCI 2023<\/h3>\n\n<p>Veuillez <a href=\"https:\/\/cyclingcanada.ca\/wp-content\/uploads\/2023\/06\/CC-Allocation-of-Wild-Card-Positions-for-2023-UCI-GFWCh-FINAL-1.pdf\">cliquer ici<\/a> pour obtenir plus d\u2019information sur le processus de Cyclisme Canada pour l\u2019attribution des places de wildcard aux Championnats du monde Gran Fondo UCI 2023 <em>(publi\u00e9 le 21 juin 2023)<\/em>.<\/p>\n","protected":false},"featured_media":0,"menu_order":0,"template":"","meta":{"_acf_changed":false,"advanced_seo_description":"","jetpack_seo_html_title":"","jetpack_seo_noindex":false},"disciplines":[72],"class_list":["post-56178","cc_event","type-cc_event","status-publish","hentry","disciplines-road-fr"],"acf":[],"jetpack_sharing_enabled":true,"_links":{"self":[{"href":"https:\/\/cyclingcanada.ca\/fr\/wp-json\/wp\/v2\/cc_event\/56178","targetHints":{"allow":["GET"]}}],"collection":[{"href":"https:\/\/cyclingcanada.ca\/fr\/wp-json\/wp\/v2\/cc_event"}],"about":[{"href":"https:\/\/cyclingcanada.ca\/fr\/wp-json\/wp\/v2\/types\/cc_event"}],"wp:attachment":[{"href":"https:\/\/cyclingcanada.ca\/fr\/wp-json\/wp\/v2\/media?parent=56178"}],"wp:term":[{"taxonomy":"disciplines","embeddable":true,"href":"https:\/\/cyclingcanada.ca\/fr\/wp-json\/wp\/v2\/disciplines?post=56178"}],"curies":[{"name":"wp","href":"https:\/\/api.w.org\/{rel}","templated":true}]}}

CHAMPIONNATS CANADIENS ROUTE 2023 (MAÎTRES)

<figure class="wp-block-image aligncenter size-medium"><img loading="lazy" decoding="async" width="198" height="300" src="https://cyclingcanada.ca/wp-content/uploads/2023/01/championships-road-red-198x300.png" alt="" class="wp-image-57260" srcset="https://cyclingcanada.ca/wp-content/uploads/2023/01/championships-road-red-198x300.png 198w, https://cyclingcanada.ca/wp-content/uploads/2023/01/championships-road-red-681x1030.png 681w, https://cyclingcanada.ca/wp-content/uploads/2023/01/championships-road-red-768x1161.png 768w, https://cyclingcanada.ca/wp-content/uploads/2023/01/championships-road-red-992x1500.png 992w, https://cyclingcanada.ca/wp-content/uploads/2023/01/championships-road-red-466x705.png 466w, https://cyclingcanada.ca/wp-content/uploads/2023/01/championships-road-red.png 1000w" sizes="auto, (max-width: 198px) 100vw, 198px" /></figure>

<div style="height:16px" aria-hidden="true" class="wp-block-spacer"></div>

<h2 class="wp-block-heading has-x-large-font-size">Changement d&#8217;horaire</h2>

<p>Veuillez <a href="https://cyclingcanada.ca/wp-content/uploads/2023/06/06.30.2023-Communique%CC%81-of-the-Commissaires-Panel.pdf" target="_blank" rel="noreferrer noopener">cliquer ici</a> pour consulter le Communiqué du Commissaire Panel 01 concernant une mise à jour des courses de critérium des Maîtres canadiens et québécois <em>(publié à 18h00 le 30 juin 2023).</em></p>

<div style="height:16px" aria-hidden="true" class="wp-block-spacer"></div>

<h2 class="wp-block-heading has-x-large-font-size">Listes de Départs</h2>

<p class="is-style-underline-links"><a href="https://cyclingcanada.ca/wp-content/uploads/2023/06/de%CC%81part-CLMI1-06.28.2023.pdf" target="_blank" rel="noreferrer noopener">Contre-la-montre</a> <em>(publiée à 19h40 le 28 juin 2023)</em></p>

<div style="height:16px" aria-hidden="true" class="wp-block-spacer"></div>

<h2 class="wp-block-heading has-x-large-font-size">Inscription</h2>

<div class="wp-block-group has-gainsboro-background-color has-background has-global-padding is-layout-constrained wp-container-core-group-is-layout-0b57324f wp-block-group-is-layout-constrained" style="margin-top:var(--wp--preset--spacing--small);margin-bottom:var(--wp--preset--spacing--small);padding-top:var(--wp--preset--spacing--medium);padding-right:var(--wp--preset--spacing--medium);padding-bottom:var(--wp--preset--spacing--medium);padding-left:var(--wp--preset--spacing--medium)">
<div class="wp-block-columns are-vertically-aligned-center is-layout-flex wp-container-core-columns-is-layout-494b7923 wp-block-columns-is-layout-flex">
<div class="wp-block-column is-vertically-aligned-center is-layout-flow wp-block-column-is-layout-flow" style="flex-basis:75%">
<p>L’inscription à l’événement est maintenant en ligne ! Veuillez cliquer sur le bouton à droite pour vous inscrire à l’événement. L’inscription en ligne sera clôturée le 27 juin à 23h59 EST.  </p>
</div>



<div class="wp-block-column is-vertically-aligned-center is-layout-flow wp-block-column-is-layout-flow" style="flex-basis:25%">
<div class="wp-block-buttons is-content-justification-right is-layout-flex wp-container-core-buttons-is-layout-fc306653 wp-block-buttons-is-layout-flex">
<div class="wp-block-button has-custom-width wp-block-button__width-100 has-custom-font-size has-small-font-size"><a class="wp-block-button__link wp-element-button" href="https://forms.registration4all.com/EventRegistration/Register_Sport_Event.aspx?EventID=192314" style="padding-top:var(--wp--preset--spacing--small);padding-right:var(--wp--preset--spacing--small);padding-bottom:var(--wp--preset--spacing--small);padding-left:var(--wp--preset--spacing--small)">Inscrivez ici!</a></div>
</div>
</div>
</div>
</div>

<div style="height:16px" aria-hidden="true" class="wp-block-spacer"></div>

<h2 class="wp-block-heading has-x-large-font-size">Guide technique</h2>

<div class="wp-block-group has-gainsboro-background-color has-background has-global-padding is-layout-constrained wp-container-core-group-is-layout-0b57324f wp-block-group-is-layout-constrained" style="margin-top:var(--wp--preset--spacing--small);margin-bottom:var(--wp--preset--spacing--small);padding-top:var(--wp--preset--spacing--medium);padding-right:var(--wp--preset--spacing--medium);padding-bottom:var(--wp--preset--spacing--medium);padding-left:var(--wp--preset--spacing--medium)">
<div class="wp-block-columns are-vertically-aligned-center is-layout-flex wp-container-core-columns-is-layout-494b7923 wp-block-columns-is-layout-flex">
<div class="wp-block-column is-vertically-aligned-center is-layout-flow wp-block-column-is-layout-flow" style="flex-basis:75%">
<p>Veuillez cliquer sur le bouton à droite pour accéder à la version préliminaire du guide technique de l’événement. Ce document est susceptible d’être modifié sous réserve de l’approbation du Commissaire en chef (mis à jour le 26 juin 2023).  </p>
</div>



<div class="wp-block-column is-vertically-aligned-center is-layout-flow wp-block-column-is-layout-flow" style="flex-basis:25%">
<div class="wp-block-buttons is-content-justification-right is-layout-flex wp-container-core-buttons-is-layout-fc306653 wp-block-buttons-is-layout-flex">
<div class="wp-block-button has-custom-width wp-block-button__width-100 has-custom-font-size has-small-font-size"><a class="wp-block-button__link wp-element-button" href="https://cyclingcanada.ca/wp-content/uploads/2023/06/Technical-Guide-2023-Canadian-Road-Championships-Masters-DRAFT-06.26.2023.pdf" style="padding-top:var(--wp--preset--spacing--small);padding-right:var(--wp--preset--spacing--small);padding-bottom:var(--wp--preset--spacing--small);padding-left:var(--wp--preset--spacing--small)">Guide technique</a></div>
</div>
</div>
</div>
</div>

<div style="height:16px" aria-hidden="true" class="wp-block-spacer"></div>

<h3 class="wp-block-heading">MÉMO DE DISTRIBUTION DU KIT DU MAÎTRE pour les Championnats du monde Gran Fondo UCI 2023</h3>

<p>Veuillez <a href="https://cyclingcanada.ca/wp-content/uploads/2023/06/Masters-Kit-Distribution-Memo-.pdf">cliquer ici </a>pour obtenir plus d’information sur le processus et la politique de Cyclisme Canada concernant la distribution des trousses des maîtres lors des Championnats du monde Gran Fondo UCI 2023 <em>(publié le 28 juin 2023)</em>.</p>

<div style="height:16px" aria-hidden="true" class="wp-block-spacer"></div>

<h3 class="wp-block-heading">Attribution des wildcards pour les Championnats du monde Gran Fondo UCI 2023</h3>

<p>Veuillez <a href="https://cyclingcanada.ca/wp-content/uploads/2023/06/CC-Allocation-of-Wild-Card-Positions-for-2023-UCI-GFWCh-FINAL-1.pdf">cliquer ici</a> pour obtenir plus d’information sur le processus de Cyclisme Canada pour l’attribution des places de wildcard aux Championnats du monde Gran Fondo UCI 2023 <em>(publié le 21 juin 2023)</em>.</p>
