{"id":74368,"date":"2025-10-22T14:48:39","date_gmt":"2025-10-22T18:48:39","guid":{"rendered":"https:\/\/cyclingcanada.ca\/?post_type=cc_event&#038;p=74368"},"modified":"2025-12-09T09:57:01","modified_gmt":"2025-12-09T14:57:01","slug":"championnats-canadiens-piste-2026-elite-maitres-para","status":"publish","type":"cc_event","link":"https:\/\/cyclingcanada.ca\/fr\/event\/championnats-canadiens-piste-2026-elite-maitres-para\/","title":{"rendered":"Championnats Canadiens Piste 2026 [\u00e9lite\/Ma\u00eetres\/Para]"},"content":{"rendered":"\n<figure class=\"wp-block-image aligncenter size-medium is-resized\"><img loading=\"lazy\" decoding=\"async\" width=\"640\" height=\"967\" src=\"https:\/\/cyclingcanada.ca\/wp-content\/uploads\/2025\/10\/championships-track-red-640x967.png\" alt=\"\" class=\"wp-image-74365\" style=\"width:175px;height:auto\" srcset=\"https:\/\/cyclingcanada.ca\/wp-content\/uploads\/2025\/10\/championships-track-red-640x967.png 640w, https:\/\/cyclingcanada.ca\/wp-content\/uploads\/2025\/10\/championships-track-red-768x1160.png 768w, https:\/\/cyclingcanada.ca\/wp-content\/uploads\/2025\/10\/championships-track-red.png 1000w\" sizes=\"auto, (max-width: 640px) 100vw, 640px\" \/><\/figure>\n\n\n\n<h2 class=\"wp-block-heading\">Inscription<\/h2>\n\n\n\n<div class=\"wp-block-group has-gainsboro-background-color has-background has-global-padding is-layout-constrained wp-container-core-group-is-layout-0b57324f wp-block-group-is-layout-constrained\" style=\"margin-top:var(--wp--preset--spacing--small);margin-bottom:var(--wp--preset--spacing--small);padding-top:var(--wp--preset--spacing--medium);padding-right:var(--wp--preset--spacing--medium);padding-bottom:var(--wp--preset--spacing--medium);padding-left:var(--wp--preset--spacing--medium)\">\n<div class=\"wp-block-columns are-vertically-aligned-center is-layout-flex wp-container-core-columns-is-layout-494b7923 wp-block-columns-is-layout-flex\">\n<div class=\"wp-block-column is-vertically-aligned-center is-layout-flow wp-block-column-is-layout-flow\" style=\"flex-basis:75%\">\n<p>Inscrivez-vous maintenant ! La date limite est le 2 janvier \u00e0 23h59, heure de l&#8217;Est.<\/p>\n\n\n\n<p>Rappel : les athl\u00e8tes d&#8217;\u00e9lite qui s&#8217;inscrivent \u00e0 l&#8217;omnium doivent s\u00e9lectionner \u00ab 3+ \u00e9preuves \u00bb lors de leur inscription en ligne.<\/p>\n<\/div>\n\n\n\n<div class=\"wp-block-column is-vertically-aligned-center is-layout-flow wp-block-column-is-layout-flow\" style=\"flex-basis:25%\">\n<div class=\"wp-block-buttons is-content-justification-right is-layout-flex wp-container-core-buttons-is-layout-fc306653 wp-block-buttons-is-layout-flex\">\n<div class=\"wp-block-button has-custom-width wp-block-button__width-100\"><a class=\"wp-block-button__link has-small-font-size has-custom-font-size wp-element-button\" href=\"https:\/\/ccnbikes.com\/#!\/events\/2026-canadian-track-championships-elitemasterspara\" style=\"padding-top:var(--wp--preset--spacing--small);padding-right:var(--wp--preset--spacing--small);padding-bottom:var(--wp--preset--spacing--small);padding-left:var(--wp--preset--spacing--small)\">INscrivez-vous ici<\/a><\/div>\n<\/div>\n<\/div>\n<\/div>\n<\/div>\n\n\n\n<h2 class=\"wp-block-heading\">Guide technique et Horaire<\/h2>\n\n\n\n<div class=\"wp-block-group has-gainsboro-background-color has-background has-global-padding is-layout-constrained wp-container-core-group-is-layout-0b57324f wp-block-group-is-layout-constrained\" style=\"margin-top:var(--wp--preset--spacing--small);margin-bottom:var(--wp--preset--spacing--small);padding-top:var(--wp--preset--spacing--medium);padding-right:var(--wp--preset--spacing--medium);padding-bottom:var(--wp--preset--spacing--medium);padding-left:var(--wp--preset--spacing--medium)\">\n<div class=\"wp-block-columns are-vertically-aligned-center is-layout-flex wp-container-core-columns-is-layout-494b7923 wp-block-columns-is-layout-flex\">\n<div class=\"wp-block-column is-vertically-aligned-center is-layout-flow wp-block-column-is-layout-flow\" style=\"flex-basis:75%\">\n<p>Consultez le guide technique de l&#8217;\u00e9v\u00e9nement ici.<\/p>\n\n\n\n<p><em>Mise \u00e0 jour le 9 d\u00e9cembre.<\/em><\/p>\n<\/div>\n\n\n\n<div class=\"wp-block-column is-vertically-aligned-center is-layout-flow wp-block-column-is-layout-flow\" style=\"flex-basis:25%\">\n<div class=\"wp-block-buttons is-content-justification-right is-layout-flex wp-container-core-buttons-is-layout-fc306653 wp-block-buttons-is-layout-flex\">\n<div class=\"wp-block-button has-custom-width wp-block-button__width-100\"><a class=\"wp-block-button__link has-small-font-size has-custom-font-size wp-element-button\" href=\"https:\/\/cyclingcanada.ca\/wp-content\/uploads\/2025\/12\/TechGuide-2026CanTrackChamps_V3b.pdf\" style=\"padding-top:var(--wp--preset--spacing--small);padding-right:var(--wp--preset--spacing--small);padding-bottom:var(--wp--preset--spacing--small);padding-left:var(--wp--preset--spacing--small)\">Guide Technique<\/a><\/div>\n<\/div>\n<\/div>\n<\/div>\n<\/div>\n\n\n\n<p><em>L&#8217;entra\u00eenement ouvert au d\u00e9but de chaque session est r\u00e9serv\u00e9 aux coureurs participant \u00e0 cette session uniquement. Il y aura \u00e9galement 10 minutes d&#8217;\u00e9chauffement r\u00e9serv\u00e9es aux \u00e9preuves Madison Elite W et Elite M avant leurs finales dimanche soir.<\/em><\/p>\n\n\n\n<figure class=\"wp-block-table\"><table class=\"has-fixed-layout\"><tbody><tr><td><strong><strong>Date<\/strong><\/strong><\/td><td><strong>Entra\u00eenement Ouvert<\/strong><\/td><td><strong>D\u00e9but de Comp\u00e9tition<\/strong><\/td><\/tr><tr><td>Vendredi 9 janvier<\/td><td>Session 1: 7h00-8h20 <br>Session 2: \u00e0 confirmer (20 mins)<\/td><td>Session 1: 8h30 <br>Session 2: \u00e0 confirmer<\/td><\/tr><tr><td>Samedi 10 janvier<\/td><td>Session 1: 7h30-7h50 <br>Session 2: \u00e0 confirmer (20 mins)<\/td><td>Session 1: 8h00 <br>Session 2: \u00e0 confirmer<\/td><\/tr><tr><td>Dimanche 11 janvier<\/td><td>Session 1: 7h30-8h20 <br>Session 2: \u00e0 confirmer (30 mins)<\/td><td>Session 1: 8h30 <br>Session 2: \u00e0 confirmer<\/td><\/tr><\/tbody><\/table><\/figure>\n\n\n\n<p><strong>Cat\u00e9gories:<\/strong><\/p>\n\n\n\n<ul class=\"wp-block-list\">\n<li>\u00c9lite Hommes et Femmes<\/li>\n\n\n\n<li>Para Hommes et Femmes<\/li>\n\n\n\n<li>Ma\u00eetres A 35-44 Hommes et Femmes<\/li>\n\n\n\n<li>Ma\u00eetres B 45-54 Hommes et Femmes<\/li>\n\n\n\n<li>Ma\u00eetres C 55-64 Hommes et Femmes<\/li>\n\n\n\n<li>Ma\u00eetres D 65+ Hommes et Femmes<\/li>\n<\/ul>\n\n\n\n<p>Pour toutes les informations sp\u00e9cifiques sur les \u00e9preuves et les comp\u00e9titions, y compris les nouvelles \u00e9preuves et cat\u00e9gories, veuillez consulter le guide technique de l&#8217;\u00e9v\u00e9nement.<\/p>\n\n\n\n<figure class=\"wp-block-image aligncenter size-full\"><img decoding=\"async\" src=\"https:\/\/cyclingcanada.ca\/wp-content\/uploads\/2025\/12\/Factors-Logo.png\" alt=\"\" class=\"wp-image-75220\"\/><\/figure>\n","protected":false},"featured_media":0,"menu_order":0,"template":"","meta":{"_acf_changed":false,"advanced_seo_description":"","jetpack_seo_html_title":"","jetpack_seo_noindex":false},"disciplines":[76],"class_list":["post-74368","cc_event","type-cc_event","status-publish","hentry","disciplines-track-fr"],"acf":[],"jetpack_sharing_enabled":true,"_links":{"self":[{"href":"https:\/\/cyclingcanada.ca\/fr\/wp-json\/wp\/v2\/cc_event\/74368","targetHints":{"allow":["GET"]}}],"collection":[{"href":"https:\/\/cyclingcanada.ca\/fr\/wp-json\/wp\/v2\/cc_event"}],"about":[{"href":"https:\/\/cyclingcanada.ca\/fr\/wp-json\/wp\/v2\/types\/cc_event"}],"wp:attachment":[{"href":"https:\/\/cyclingcanada.ca\/fr\/wp-json\/wp\/v2\/media?parent=74368"}],"wp:term":[{"taxonomy":"disciplines","embeddable":true,"href":"https:\/\/cyclingcanada.ca\/fr\/wp-json\/wp\/v2\/disciplines?post=74368"}],"curies":[{"name":"wp","href":"https:\/\/api.w.org\/{rel}","templated":true}]}}

Championnats Canadiens Piste 2026 [élite/Maîtres/Para]

<figure class="wp-block-image aligncenter size-medium is-resized"><img loading="lazy" decoding="async" width="640" height="967" src="https://cyclingcanada.ca/wp-content/uploads/2025/10/championships-track-red-640x967.png" alt="" class="wp-image-74365" style="width:175px;height:auto" srcset="https://cyclingcanada.ca/wp-content/uploads/2025/10/championships-track-red-640x967.png 640w, https://cyclingcanada.ca/wp-content/uploads/2025/10/championships-track-red-768x1160.png 768w, https://cyclingcanada.ca/wp-content/uploads/2025/10/championships-track-red.png 1000w" sizes="auto, (max-width: 640px) 100vw, 640px" /></figure>



<h2 class="wp-block-heading">Inscription</h2>



<div class="wp-block-group has-gainsboro-background-color has-background has-global-padding is-layout-constrained wp-container-core-group-is-layout-0b57324f wp-block-group-is-layout-constrained" style="margin-top:var(--wp--preset--spacing--small);margin-bottom:var(--wp--preset--spacing--small);padding-top:var(--wp--preset--spacing--medium);padding-right:var(--wp--preset--spacing--medium);padding-bottom:var(--wp--preset--spacing--medium);padding-left:var(--wp--preset--spacing--medium)">
<div class="wp-block-columns are-vertically-aligned-center is-layout-flex wp-container-core-columns-is-layout-494b7923 wp-block-columns-is-layout-flex">
<div class="wp-block-column is-vertically-aligned-center is-layout-flow wp-block-column-is-layout-flow" style="flex-basis:75%">
<p>Inscrivez-vous maintenant ! La date limite est le 2 janvier à 23h59, heure de l&#8217;Est.</p>



<p>Rappel : les athlètes d&#8217;élite qui s&#8217;inscrivent à l&#8217;omnium doivent sélectionner « 3+ épreuves » lors de leur inscription en ligne.</p>
</div>



<div class="wp-block-column is-vertically-aligned-center is-layout-flow wp-block-column-is-layout-flow" style="flex-basis:25%">
<div class="wp-block-buttons is-content-justification-right is-layout-flex wp-container-core-buttons-is-layout-fc306653 wp-block-buttons-is-layout-flex">
<div class="wp-block-button has-custom-width wp-block-button__width-100"><a class="wp-block-button__link has-small-font-size has-custom-font-size wp-element-button" href="https://ccnbikes.com/#!/events/2026-canadian-track-championships-elitemasterspara" style="padding-top:var(--wp--preset--spacing--small);padding-right:var(--wp--preset--spacing--small);padding-bottom:var(--wp--preset--spacing--small);padding-left:var(--wp--preset--spacing--small)">INscrivez-vous ici</a></div>
</div>
</div>
</div>
</div>



<h2 class="wp-block-heading">Guide technique et Horaire</h2>



<div class="wp-block-group has-gainsboro-background-color has-background has-global-padding is-layout-constrained wp-container-core-group-is-layout-0b57324f wp-block-group-is-layout-constrained" style="margin-top:var(--wp--preset--spacing--small);margin-bottom:var(--wp--preset--spacing--small);padding-top:var(--wp--preset--spacing--medium);padding-right:var(--wp--preset--spacing--medium);padding-bottom:var(--wp--preset--spacing--medium);padding-left:var(--wp--preset--spacing--medium)">
<div class="wp-block-columns are-vertically-aligned-center is-layout-flex wp-container-core-columns-is-layout-494b7923 wp-block-columns-is-layout-flex">
<div class="wp-block-column is-vertically-aligned-center is-layout-flow wp-block-column-is-layout-flow" style="flex-basis:75%">
<p>Consultez le guide technique de l&#8217;événement ici.</p>



<p><em>Mise à jour le 9 décembre.</em></p>
</div>



<div class="wp-block-column is-vertically-aligned-center is-layout-flow wp-block-column-is-layout-flow" style="flex-basis:25%">
<div class="wp-block-buttons is-content-justification-right is-layout-flex wp-container-core-buttons-is-layout-fc306653 wp-block-buttons-is-layout-flex">
<div class="wp-block-button has-custom-width wp-block-button__width-100"><a class="wp-block-button__link has-small-font-size has-custom-font-size wp-element-button" href="https://cyclingcanada.ca/wp-content/uploads/2025/12/TechGuide-2026CanTrackChamps_V3b.pdf" style="padding-top:var(--wp--preset--spacing--small);padding-right:var(--wp--preset--spacing--small);padding-bottom:var(--wp--preset--spacing--small);padding-left:var(--wp--preset--spacing--small)">Guide Technique</a></div>
</div>
</div>
</div>
</div>



<p><em>L&#8217;entraînement ouvert au début de chaque session est réservé aux coureurs participant à cette session uniquement. Il y aura également 10 minutes d&#8217;échauffement réservées aux épreuves Madison Elite W et Elite M avant leurs finales dimanche soir.</em></p>



<figure class="wp-block-table"><table class="has-fixed-layout"><tbody><tr><td><strong><strong>Date</strong></strong></td><td><strong>Entraînement Ouvert</strong></td><td><strong>Début de Compétition</strong></td></tr><tr><td>Vendredi 9 janvier</td><td>Session 1: 7h00-8h20 <br>Session 2: à confirmer (20 mins)</td><td>Session 1: 8h30 <br>Session 2: à confirmer</td></tr><tr><td>Samedi 10 janvier</td><td>Session 1: 7h30-7h50 <br>Session 2: à confirmer (20 mins)</td><td>Session 1: 8h00 <br>Session 2: à confirmer</td></tr><tr><td>Dimanche 11 janvier</td><td>Session 1: 7h30-8h20 <br>Session 2: à confirmer (30 mins)</td><td>Session 1: 8h30 <br>Session 2: à confirmer</td></tr></tbody></table></figure>



<p><strong>Catégories:</strong></p>



<ul class="wp-block-list">
<li>Élite Hommes et Femmes</li>



<li>Para Hommes et Femmes</li>



<li>Maîtres A 35-44 Hommes et Femmes</li>



<li>Maîtres B 45-54 Hommes et Femmes</li>



<li>Maîtres C 55-64 Hommes et Femmes</li>



<li>Maîtres D 65+ Hommes et Femmes</li>
</ul>



<p>Pour toutes les informations spécifiques sur les épreuves et les compétitions, y compris les nouvelles épreuves et catégories, veuillez consulter le guide technique de l&#8217;événement.</p>



<figure class="wp-block-image aligncenter size-full"><img decoding="async" src="https://cyclingcanada.ca/wp-content/uploads/2025/12/Factors-Logo.png" alt="" class="wp-image-75220"/></figure>
