{"id":36611,"date":"2019-05-24T12:13:58","date_gmt":"2019-05-24T16:13:58","guid":{"rendered":"https:\/\/ffq.enp.mybluehost.me\/hall-of-fame\/"},"modified":"2026-02-04T09:16:51","modified_gmt":"2026-02-04T14:16:51","slug":"temple-de-la-renommee","status":"publish","type":"page","link":"https:\/\/cyclingcanada.ca\/fr\/temple-de-la-renommee\/","title":{"rendered":"Temple de la renomm\u00e9e"},"content":{"rendered":"\n<p>\u00c9tabli en 2015, le Temple de la renomm\u00e9e du cyclisme canadien reconna\u00eet les contributions et accomplissements exceptionnels apport\u00e9s au sport du cyclisme au Canada. Ce Temple honore pour l\u2019instant deux cat\u00e9gories de membres : les b\u00e2tisseurs et les athl\u00e8tes. <\/p>\n\n\n\n<div style=\"height:var(--wp--preset--spacing--medium)\" aria-hidden=\"true\" class=\"wp-block-spacer\"><\/div>\n\n\n\n<div class=\"wp-block-columns is-layout-flex wp-container-core-columns-is-layout-318252f0 wp-block-columns-is-layout-flex\">\n<div class=\"wp-block-column is-layout-flow wp-block-column-is-layout-flow\">\n<h5 class=\"wp-block-heading has-primary-color has-text-color has-link-color wp-elements-f07c5f870d63b7cd7768b6f9e1346617\">Membres intronis\u00e9s 2025<\/h5>\n\n\n\n<p><a href=\"https:\/\/cyclingcanada.ca\/wp-content\/uploads\/2025\/10\/Catharine-Pendrel_Hall-of-Fame.pdf\">Catharine Pendrel<\/a><\/p>\n\n\n\n<p><a href=\"https:\/\/cyclingcanada.ca\/wp-content\/uploads\/2025\/10\/Sara-Neil_Hall-of-Fame.pdf\">Sara Neil<\/a><\/p>\n\n\n\n<p><a href=\"https:\/\/cyclingcanada.ca\/wp-content\/uploads\/2025\/10\/Svein-Tuft_Hall-of-Fame.pdf\">Svein Tuft<\/a><\/p>\n\n\n\n<p><a href=\"https:\/\/cyclingcanada.ca\/wp-content\/uploads\/2025\/10\/Kevin-Mark-Cunningham_Hall-of-Fame.pdf\">Kevin &amp; Mark Cunningham<\/a><\/p>\n\n\n\n<p><a href=\"https:\/\/cyclingcanada.ca\/wp-content\/uploads\/2025\/10\/Roger-Sumner_Hall-of-Fame.pdf\">Roger Sumner<\/a><\/p>\n<\/div>\n\n\n\n<div class=\"wp-block-column is-layout-flow wp-block-column-is-layout-flow\">\n<h5 class=\"wp-block-heading has-primary-color has-text-color has-link-color wp-elements-1a28f3b373d1ed7a13150042381f504f\">Membres intronis\u00e9s 2024<\/h5>\n\n\n\n<p><a href=\"https:\/\/cyclingcanada.ca\/wp-content\/uploads\/2024\/10\/Sylvia-Burka-2024-HoF.pdf\">Sylvia Burka <\/a><\/p>\n\n\n\n<p><a href=\"https:\/\/cyclingcanada.ca\/wp-content\/uploads\/2024\/10\/Rob-Jones-Tracy-Harkness.pdf\">Rob Jones &amp; Tracy Harkness<\/a><\/p>\n\n\n\n<p><a href=\"https:\/\/cyclingcanada.ca\/wp-content\/uploads\/2024\/10\/Susan-Palmer.pdf\">Susan Palmer<\/a><\/p>\n\n\n\n<p><a href=\"https:\/\/cyclingcanada.ca\/wp-content\/uploads\/2024\/10\/Anne-Samplonius.pdf\">Anne Samplonius<\/a><\/p>\n<\/div>\n<\/div>\n\n\n\n<div style=\"height:var(--wp--preset--spacing--x-large)\" aria-hidden=\"true\" class=\"wp-block-spacer\"><\/div>\n\n\n\n<div class=\"wp-block-columns is-layout-flex wp-container-core-columns-is-layout-318252f0 wp-block-columns-is-layout-flex\">\n<div class=\"wp-block-column is-layout-flow wp-block-column-is-layout-flow\">\n<h5 class=\"wp-block-heading has-primary-color has-text-color has-link-color wp-elements-afcf723cea8b4ebdbb98f91f10fcd337\">Membres intronis\u00e9s 2023<\/h5>\n\n\n\n<p><a href=\"https:\/\/cyclingcanada.ca\/wp-content\/uploads\/2024\/10\/Hall-of-Fame_Lyne-Bessette-23.pdf\">Lyne Bessette<\/a><\/p>\n\n\n\n<p><a href=\"https:\/\/cyclingcanada.ca\/wp-content\/uploads\/2024\/10\/Hall-of-Fame_Tour_Guy-Morin-23.pdf\">Guy Morin<\/a><\/p>\n\n\n\n<p><a href=\"https:\/\/cyclingcanada.ca\/wp-content\/uploads\/2024\/10\/Hall-of-Fame_Eric-Van-Den-Eynde.pdf\">Eric Van Den Eynde<\/a><\/p>\n\n\n\n<p class=\"has-primary-color has-text-color has-link-color wp-elements-cc6bad72d4d255a8386097df3af73ff6\"><a href=\"https:\/\/cyclingcanada.ca\/wp-content\/uploads\/2024\/10\/Hall-of-Fame_-Kelly-Ann-Way25.pdf\">Kelly-Ann Way<\/a><\/p>\n<\/div>\n\n\n\n<div class=\"wp-block-column is-layout-flow wp-block-column-is-layout-flow\">\n<h5 class=\"wp-block-heading has-primary-color has-text-color has-link-color wp-elements-9e375768490895a268df875fa0539644\">Membres intronis\u00e9s 2022<\/h5>\n\n\n\n<p><a href=\"https:\/\/cyclingcanada.ca\/wp-content\/uploads\/2024\/02\/Hall-of-Fame_Tour_Abitibidocx.pdf\">Tour de l\u2019Abitibi<\/a><\/p>\n\n\n\n<p><a href=\"https:\/\/cyclingcanada.ca\/wp-content\/uploads\/2024\/02\/Hall-of-Fame_Patrice-Bonneau.pdf\">Patrice Bonneau<\/a><\/p>\n\n\n\n<p><a href=\"https:\/\/cyclingcanada.ca\/wp-content\/uploads\/2024\/02\/Hall-of-Fame_Tour_Ron-Hayman.pdf\">Ron Hayman<\/a><\/p>\n\n\n\n<p><a href=\"https:\/\/cyclingcanada.ca\/wp-content\/uploads\/2024\/02\/Hall-of-Fame_Tour_Archie-McEachern.pdf\">Archie McEachern<\/a><\/p>\n\n\n\n<p><a href=\"https:\/\/cyclingcanada.ca\/wp-content\/uploads\/2024\/02\/Hall-of-Fame_-Tara-Whitten.pdf\">Tara Whitten<\/a><\/p>\n<\/div>\n<\/div>\n\n\n\n<div style=\"height:var(--wp--preset--spacing--x-large)\" aria-hidden=\"true\" class=\"wp-block-spacer\"><\/div>\n\n\n\n<div class=\"wp-block-columns is-layout-flex wp-container-core-columns-is-layout-318252f0 wp-block-columns-is-layout-flex\">\n<div class=\"wp-block-column is-layout-flow wp-block-column-is-layout-flow\">\n<h5 class=\"wp-block-heading has-primary-color has-text-color has-link-color wp-elements-571918ed1af46ede11370655f5b50a88\">Membres intronis\u00e9s 2021<\/h5>\n\n\n\n<p><a href=\"https:\/\/cyclingcanada.ca\/fr\/temple-de-la-renommee\/cindy-devine-2\/\">Cindy Devine<\/a><\/p>\n\n\n\n<p><a href=\"https:\/\/cyclingcanada.ca\/fr\/temple-de-la-renommee\/patrice-chantal-2\/\">Patrice Drouin &amp; Chantal Lachance<\/a><\/p>\n\n\n\n<p><a href=\"https:\/\/cyclingcanada.ca\/fr\/temple-de-la-renommee\/pierre-gachon-2\/\">Pierre Gachon<\/a><\/p>\n\n\n\n<p><a href=\"https:\/\/cyclingcanada.ca\/fr\/temple-de-la-renommee\/robbi-weldon-2\/\">Robbi Weldon<\/a><\/p>\n<\/div>\n\n\n\n<div class=\"wp-block-column is-layout-flow wp-block-column-is-layout-flow\">\n<h5 class=\"wp-block-heading has-primary-color has-text-color has-link-color wp-elements-ece2a3260ace27c1b13fbf8469dc7635\">Membres intronis\u00e9s 2018<\/h5>\n\n\n\n<p><a href=\"https:\/\/cyclingcanada.ca\/wp-content\/uploads\/2018\/03\/Linda-Jackson.pdf\">Linda Jackson<\/a><\/p>\n\n\n\n<p><a href=\"https:\/\/cyclingcanada.ca\/wp-content\/uploads\/2018\/03\/Erich-Wohlberg.pdf\">Eric Wohlberg<\/a><\/p>\n\n\n\n<p><a href=\"https:\/\/cyclingcanada.ca\/wp-content\/uploads\/2018\/03\/Nora-Young.pdf\">Nora Young<\/a><\/p>\n<\/div>\n<\/div>\n\n\n\n<div style=\"height:var(--wp--preset--spacing--x-large)\" aria-hidden=\"true\" class=\"wp-block-spacer\"><\/div>\n\n\n\n<div class=\"wp-block-columns is-layout-flex wp-container-core-columns-is-layout-318252f0 wp-block-columns-is-layout-flex\">\n<div class=\"wp-block-column is-layout-flow wp-block-column-is-layout-flow\">\n<h5 class=\"wp-block-heading has-primary-color has-text-color has-link-color wp-elements-8cfd9c92d97eecd6bfc77b21e84d4a9f\">Membres intronis\u00e9s 2017<\/h5>\n\n\n\n<p><a href=\"https:\/\/cyclingcanada.ca\/wp-content\/uploads\/2018\/03\/Albert-Schelstraete-Coulier.pdf\">Albert Schelstraete-Coulier<\/a><\/p>\n\n\n\n<p><a href=\"https:\/\/cyclingcanada.ca\/wp-content\/uploads\/2018\/03\/Gary-Longhi.pdf\">Gary Longhi<\/a><\/p>\n\n\n\n<p><a href=\"https:\/\/cyclingcanada.ca\/wp-content\/uploads\/2018\/03\/Karen-Strong.pdf\">Karen Strong<\/a><\/p>\n\n\n\n<p><a href=\"https:\/\/cyclingcanada.ca\/wp-content\/uploads\/2018\/03\/Steve-Smith.pdf\">Steve Smith<\/a><\/p>\n<\/div>\n\n\n\n<div class=\"wp-block-column is-layout-flow wp-block-column-is-layout-flow\">\n<h5 class=\"wp-block-heading has-primary-color has-text-color has-link-color wp-elements-f6a23f7034f61056d4efae313c68e892\">Membres intronis\u00e9s 2016<\/h5>\n\n\n\n<p><a href=\"https:\/\/cyclingcanada.ca\/wp-content\/uploads\/2018\/03\/Alex-Stieda-2016.pdf\">Alex Stieda<\/a><\/p>\n\n\n\n<p><a href=\"https:\/\/cyclingcanada.ca\/wp-content\/uploads\/2018\/03\/Brain-Walton-2016.pdf\">Brian Walton<\/a><\/p>\n\n\n\n<p><a href=\"https:\/\/cyclingcanada.ca\/wp-content\/uploads\/2018\/03\/Gord-Fraser-2016.pdf\">Gord Fraser<\/a><\/p>\n\n\n\n<p><a href=\"https:\/\/cyclingcanada.ca\/wp-content\/uploads\/2018\/03\/Louise-Lalonde-2016.pdf\">Louise Lalonde<\/a><\/p>\n\n\n\n<p><a href=\"https:\/\/cyclingcanada.ca\/wp-content\/uploads\/2018\/03\/Marie-He%C4%9Ble%C4%9Ane-Premont-2016.pdf\">Marie-H\u00e9l\u00e8ne Pr\u00e9mont<\/a><\/p>\n\n\n\n<p><a href=\"https:\/\/cyclingcanada.ca\/wp-content\/uploads\/2018\/03\/1908-Men%E2%80%99s-Team-Pursuit-2016.pdf\">1908 Men\u2019s Team Pursuit<\/a><\/p>\n<\/div>\n<\/div>\n\n\n\n<div style=\"height:var(--wp--preset--spacing--x-large)\" aria-hidden=\"true\" class=\"wp-block-spacer\"><\/div>\n\n\n\n<div class=\"wp-block-columns is-layout-flex wp-container-core-columns-is-layout-318252f0 wp-block-columns-is-layout-flex\">\n<div class=\"wp-block-column is-layout-flow wp-block-column-is-layout-flow\">\n<h5 class=\"wp-block-heading has-primary-color has-text-color has-link-color wp-elements-1af8f27070a3647e03905cdc03fa1fc8\">Membres intronis\u00e9s 2015<\/h5>\n\n\n\n<p><a href=\"https:\/\/cyclingcanada.ca\/wp-content\/uploads\/2018\/03\/Alison-Sydor-2015.pdf\">Alison Sydor<\/a><\/p>\n\n\n\n<p><a href=\"https:\/\/cyclingcanada.ca\/wp-content\/uploads\/2018\/03\/Curt-Harnett-2015.pdf\">Curt Harnett<\/a><\/p>\n\n\n\n<p><a href=\"https:\/\/cyclingcanada.ca\/wp-content\/uploads\/2018\/03\/Gordon-Singleton-2015.pdf\">Gordon Singleton<\/a><\/p>\n\n\n\n<p><a href=\"https:\/\/cyclingcanada.ca\/wp-content\/uploads\/2018\/03\/Jocelyn-Lovell-2015.pdf\">Jocelyn Lovell<\/a><\/p>\n\n\n\n<p><a href=\"https:\/\/cyclingcanada.ca\/wp-content\/uploads\/2018\/03\/Lori-Ann-Muenzer-2015.pdf\">Lori-Ann Muenzer<\/a><\/p>\n\n\n\n<p><a href=\"https:\/\/cyclingcanada.ca\/wp-content\/uploads\/2018\/03\/Marc-Lemay-2015.pdf\">Marc Lemay<\/a><\/p>\n\n\n\n<p><a href=\"https:\/\/cyclingcanada.ca\/wp-content\/uploads\/2018\/03\/Steve-Bauer-2015.pdf\">Steve Bauer<\/a><\/p>\n\n\n\n<p><a href=\"https:\/\/cyclingcanada.ca\/wp-content\/uploads\/2018\/03\/Tanya-Dubnicoff-2015.pdf\">Tanya Dubnicoff<\/a><\/p>\n\n\n\n<p><a href=\"https:\/\/cyclingcanada.ca\/wp-content\/uploads\/2018\/03\/Torchy-Peden-2015.pdf\">Torchy Peden<\/a><\/p>\n<\/div>\n\n\n\n<div class=\"wp-block-column is-layout-flow wp-block-column-is-layout-flow\">\n<h5 class=\"wp-block-heading has-primary-color has-text-color has-link-color wp-elements-077403041a8cc4f3a84752b0cd3505ae\"><\/h5>\n<\/div>\n<\/div>\n","protected":false},"excerpt":{"rendered":"<p>\u00c9tabli en 2015, le Temple de la renomm\u00e9e du cyclisme canadien reconna\u00eet les contributions et accomplissements exceptionnels apport\u00e9s au sport du cyclisme au Canada. Ce Temple honore pour l\u2019instant deux cat\u00e9gories de membres : les b\u00e2tisseurs et les athl\u00e8tes. Membres intronis\u00e9s 2025 Catharine Pendrel Sara Neil Svein Tuft Kevin &amp; Mark Cunningham Roger Sumner Membres [&hellip;]<\/p>\n","protected":false},"author":46,"featured_media":75971,"parent":0,"menu_order":0,"comment_status":"closed","ping_status":"closed","template":"wp-custom-template-simple-hero-page","meta":{"_acf_changed":false,"advanced_seo_description":"","jetpack_seo_html_title":"","jetpack_seo_noindex":false,"footnotes":""},"class_list":["post-36611","page","type-page","status-publish","has-post-thumbnail","hentry"],"acf":[],"jetpack_sharing_enabled":true,"_links":{"self":[{"href":"https:\/\/cyclingcanada.ca\/fr\/wp-json\/wp\/v2\/pages\/36611","targetHints":{"allow":["GET"]}}],"collection":[{"href":"https:\/\/cyclingcanada.ca\/fr\/wp-json\/wp\/v2\/pages"}],"about":[{"href":"https:\/\/cyclingcanada.ca\/fr\/wp-json\/wp\/v2\/types\/page"}],"author":[{"embeddable":true,"href":"https:\/\/cyclingcanada.ca\/fr\/wp-json\/wp\/v2\/users\/46"}],"replies":[{"embeddable":true,"href":"https:\/\/cyclingcanada.ca\/fr\/wp-json\/wp\/v2\/comments?post=36611"}],"version-history":[{"count":12,"href":"https:\/\/cyclingcanada.ca\/fr\/wp-json\/wp\/v2\/pages\/36611\/revisions"}],"predecessor-version":[{"id":75972,"href":"https:\/\/cyclingcanada.ca\/fr\/wp-json\/wp\/v2\/pages\/36611\/revisions\/75972"}],"wp:featuredmedia":[{"embeddable":true,"href":"https:\/\/cyclingcanada.ca\/fr\/wp-json\/wp\/v2\/media\/75971"}],"wp:attachment":[{"href":"https:\/\/cyclingcanada.ca\/fr\/wp-json\/wp\/v2\/media?parent=36611"}],"curies":[{"name":"wp","href":"https:\/\/api.w.org\/{rel}","templated":true}]}}

Temple de la renommée

<p>Établi en 2015, le Temple de la renommée du cyclisme canadien reconnaît les contributions et accomplissements exceptionnels apportés au sport du cyclisme au Canada. Ce Temple honore pour l’instant deux catégories de membres : les bâtisseurs et les athlètes. </p>



<div style="height:var(--wp--preset--spacing--medium)" aria-hidden="true" class="wp-block-spacer"></div>



<div class="wp-block-columns is-layout-flex wp-container-core-columns-is-layout-318252f0 wp-block-columns-is-layout-flex">
<div class="wp-block-column is-layout-flow wp-block-column-is-layout-flow">
<h5 class="wp-block-heading has-primary-color has-text-color has-link-color wp-elements-f07c5f870d63b7cd7768b6f9e1346617">Membres intronisés 2025</h5>



<p><a href="https://cyclingcanada.ca/wp-content/uploads/2025/10/Catharine-Pendrel_Hall-of-Fame.pdf">Catharine Pendrel</a></p>



<p><a href="https://cyclingcanada.ca/wp-content/uploads/2025/10/Sara-Neil_Hall-of-Fame.pdf">Sara Neil</a></p>



<p><a href="https://cyclingcanada.ca/wp-content/uploads/2025/10/Svein-Tuft_Hall-of-Fame.pdf">Svein Tuft</a></p>



<p><a href="https://cyclingcanada.ca/wp-content/uploads/2025/10/Kevin-Mark-Cunningham_Hall-of-Fame.pdf">Kevin &amp; Mark Cunningham</a></p>



<p><a href="https://cyclingcanada.ca/wp-content/uploads/2025/10/Roger-Sumner_Hall-of-Fame.pdf">Roger Sumner</a></p>
</div>



<div class="wp-block-column is-layout-flow wp-block-column-is-layout-flow">
<h5 class="wp-block-heading has-primary-color has-text-color has-link-color wp-elements-1a28f3b373d1ed7a13150042381f504f">Membres intronisés 2024</h5>



<p><a href="https://cyclingcanada.ca/wp-content/uploads/2024/10/Sylvia-Burka-2024-HoF.pdf">Sylvia Burka </a></p>



<p><a href="https://cyclingcanada.ca/wp-content/uploads/2024/10/Rob-Jones-Tracy-Harkness.pdf">Rob Jones &amp; Tracy Harkness</a></p>



<p><a href="https://cyclingcanada.ca/wp-content/uploads/2024/10/Susan-Palmer.pdf">Susan Palmer</a></p>



<p><a href="https://cyclingcanada.ca/wp-content/uploads/2024/10/Anne-Samplonius.pdf">Anne Samplonius</a></p>
</div>
</div>



<div style="height:var(--wp--preset--spacing--x-large)" aria-hidden="true" class="wp-block-spacer"></div>



<div class="wp-block-columns is-layout-flex wp-container-core-columns-is-layout-318252f0 wp-block-columns-is-layout-flex">
<div class="wp-block-column is-layout-flow wp-block-column-is-layout-flow">
<h5 class="wp-block-heading has-primary-color has-text-color has-link-color wp-elements-afcf723cea8b4ebdbb98f91f10fcd337">Membres intronisés 2023</h5>



<p><a href="https://cyclingcanada.ca/wp-content/uploads/2024/10/Hall-of-Fame_Lyne-Bessette-23.pdf">Lyne Bessette</a></p>



<p><a href="https://cyclingcanada.ca/wp-content/uploads/2024/10/Hall-of-Fame_Tour_Guy-Morin-23.pdf">Guy Morin</a></p>



<p><a href="https://cyclingcanada.ca/wp-content/uploads/2024/10/Hall-of-Fame_Eric-Van-Den-Eynde.pdf">Eric Van Den Eynde</a></p>



<p class="has-primary-color has-text-color has-link-color wp-elements-cc6bad72d4d255a8386097df3af73ff6"><a href="https://cyclingcanada.ca/wp-content/uploads/2024/10/Hall-of-Fame_-Kelly-Ann-Way25.pdf">Kelly-Ann Way</a></p>
</div>



<div class="wp-block-column is-layout-flow wp-block-column-is-layout-flow">
<h5 class="wp-block-heading has-primary-color has-text-color has-link-color wp-elements-9e375768490895a268df875fa0539644">Membres intronisés 2022</h5>



<p><a href="https://cyclingcanada.ca/wp-content/uploads/2024/02/Hall-of-Fame_Tour_Abitibidocx.pdf">Tour de l’Abitibi</a></p>



<p><a href="https://cyclingcanada.ca/wp-content/uploads/2024/02/Hall-of-Fame_Patrice-Bonneau.pdf">Patrice Bonneau</a></p>



<p><a href="https://cyclingcanada.ca/wp-content/uploads/2024/02/Hall-of-Fame_Tour_Ron-Hayman.pdf">Ron Hayman</a></p>



<p><a href="https://cyclingcanada.ca/wp-content/uploads/2024/02/Hall-of-Fame_Tour_Archie-McEachern.pdf">Archie McEachern</a></p>



<p><a href="https://cyclingcanada.ca/wp-content/uploads/2024/02/Hall-of-Fame_-Tara-Whitten.pdf">Tara Whitten</a></p>
</div>
</div>



<div style="height:var(--wp--preset--spacing--x-large)" aria-hidden="true" class="wp-block-spacer"></div>



<div class="wp-block-columns is-layout-flex wp-container-core-columns-is-layout-318252f0 wp-block-columns-is-layout-flex">
<div class="wp-block-column is-layout-flow wp-block-column-is-layout-flow">
<h5 class="wp-block-heading has-primary-color has-text-color has-link-color wp-elements-571918ed1af46ede11370655f5b50a88">Membres intronisés 2021</h5>



<p><a href="https://cyclingcanada.ca/fr/temple-de-la-renommee/cindy-devine-2/">Cindy Devine</a></p>



<p><a href="https://cyclingcanada.ca/fr/temple-de-la-renommee/patrice-chantal-2/">Patrice Drouin &amp; Chantal Lachance</a></p>



<p><a href="https://cyclingcanada.ca/fr/temple-de-la-renommee/pierre-gachon-2/">Pierre Gachon</a></p>



<p><a href="https://cyclingcanada.ca/fr/temple-de-la-renommee/robbi-weldon-2/">Robbi Weldon</a></p>
</div>



<div class="wp-block-column is-layout-flow wp-block-column-is-layout-flow">
<h5 class="wp-block-heading has-primary-color has-text-color has-link-color wp-elements-ece2a3260ace27c1b13fbf8469dc7635">Membres intronisés 2018</h5>



<p><a href="https://cyclingcanada.ca/wp-content/uploads/2018/03/Linda-Jackson.pdf">Linda Jackson</a></p>



<p><a href="https://cyclingcanada.ca/wp-content/uploads/2018/03/Erich-Wohlberg.pdf">Eric Wohlberg</a></p>



<p><a href="https://cyclingcanada.ca/wp-content/uploads/2018/03/Nora-Young.pdf">Nora Young</a></p>
</div>
</div>



<div style="height:var(--wp--preset--spacing--x-large)" aria-hidden="true" class="wp-block-spacer"></div>



<div class="wp-block-columns is-layout-flex wp-container-core-columns-is-layout-318252f0 wp-block-columns-is-layout-flex">
<div class="wp-block-column is-layout-flow wp-block-column-is-layout-flow">
<h5 class="wp-block-heading has-primary-color has-text-color has-link-color wp-elements-8cfd9c92d97eecd6bfc77b21e84d4a9f">Membres intronisés 2017</h5>



<p><a href="https://cyclingcanada.ca/wp-content/uploads/2018/03/Albert-Schelstraete-Coulier.pdf">Albert Schelstraete-Coulier</a></p>



<p><a href="https://cyclingcanada.ca/wp-content/uploads/2018/03/Gary-Longhi.pdf">Gary Longhi</a></p>



<p><a href="https://cyclingcanada.ca/wp-content/uploads/2018/03/Karen-Strong.pdf">Karen Strong</a></p>



<p><a href="https://cyclingcanada.ca/wp-content/uploads/2018/03/Steve-Smith.pdf">Steve Smith</a></p>
</div>



<div class="wp-block-column is-layout-flow wp-block-column-is-layout-flow">
<h5 class="wp-block-heading has-primary-color has-text-color has-link-color wp-elements-f6a23f7034f61056d4efae313c68e892">Membres intronisés 2016</h5>



<p><a href="https://cyclingcanada.ca/wp-content/uploads/2018/03/Alex-Stieda-2016.pdf">Alex Stieda</a></p>



<p><a href="https://cyclingcanada.ca/wp-content/uploads/2018/03/Brain-Walton-2016.pdf">Brian Walton</a></p>



<p><a href="https://cyclingcanada.ca/wp-content/uploads/2018/03/Gord-Fraser-2016.pdf">Gord Fraser</a></p>



<p><a href="https://cyclingcanada.ca/wp-content/uploads/2018/03/Louise-Lalonde-2016.pdf">Louise Lalonde</a></p>



<p><a href="https://cyclingcanada.ca/wp-content/uploads/2018/03/Marie-He%C4%9Ble%C4%9Ane-Premont-2016.pdf">Marie-Hélène Prémont</a></p>



<p><a href="https://cyclingcanada.ca/wp-content/uploads/2018/03/1908-Men%E2%80%99s-Team-Pursuit-2016.pdf">1908 Men’s Team Pursuit</a></p>
</div>
</div>



<div style="height:var(--wp--preset--spacing--x-large)" aria-hidden="true" class="wp-block-spacer"></div>



<div class="wp-block-columns is-layout-flex wp-container-core-columns-is-layout-318252f0 wp-block-columns-is-layout-flex">
<div class="wp-block-column is-layout-flow wp-block-column-is-layout-flow">
<h5 class="wp-block-heading has-primary-color has-text-color has-link-color wp-elements-1af8f27070a3647e03905cdc03fa1fc8">Membres intronisés 2015</h5>



<p><a href="https://cyclingcanada.ca/wp-content/uploads/2018/03/Alison-Sydor-2015.pdf">Alison Sydor</a></p>



<p><a href="https://cyclingcanada.ca/wp-content/uploads/2018/03/Curt-Harnett-2015.pdf">Curt Harnett</a></p>



<p><a href="https://cyclingcanada.ca/wp-content/uploads/2018/03/Gordon-Singleton-2015.pdf">Gordon Singleton</a></p>



<p><a href="https://cyclingcanada.ca/wp-content/uploads/2018/03/Jocelyn-Lovell-2015.pdf">Jocelyn Lovell</a></p>



<p><a href="https://cyclingcanada.ca/wp-content/uploads/2018/03/Lori-Ann-Muenzer-2015.pdf">Lori-Ann Muenzer</a></p>



<p><a href="https://cyclingcanada.ca/wp-content/uploads/2018/03/Marc-Lemay-2015.pdf">Marc Lemay</a></p>



<p><a href="https://cyclingcanada.ca/wp-content/uploads/2018/03/Steve-Bauer-2015.pdf">Steve Bauer</a></p>



<p><a href="https://cyclingcanada.ca/wp-content/uploads/2018/03/Tanya-Dubnicoff-2015.pdf">Tanya Dubnicoff</a></p>



<p><a href="https://cyclingcanada.ca/wp-content/uploads/2018/03/Torchy-Peden-2015.pdf">Torchy Peden</a></p>
</div>



<div class="wp-block-column is-layout-flow wp-block-column-is-layout-flow">
<h5 class="wp-block-heading has-primary-color has-text-color has-link-color wp-elements-077403041a8cc4f3a84752b0cd3505ae"></h5>
</div>
</div>

<p>Établi en 2015, le Temple de la renommée du cyclisme canadien reconnaît les contributions et accomplissements exceptionnels apportés au sport du cyclisme au Canada. Ce Temple honore pour l’instant deux catégories de membres : les bâtisseurs et les athlètes. Membres intronisés 2025 Catharine Pendrel Sara Neil Svein Tuft Kevin &amp; Mark Cunningham Roger Sumner Membres [&hellip;]</p>
