{"id":36680,"date":"2019-05-24T13:48:30","date_gmt":"2019-05-24T17:48:30","guid":{"rendered":"https:\/\/ffq.enp.mybluehost.me\/ressources\/pathway-development\/"},"modified":"2026-02-11T14:35:33","modified_gmt":"2026-02-11T19:35:33","slug":"parcours-de-developpement","status":"publish","type":"page","link":"https:\/\/cyclingcanada.ca\/fr\/ressources\/parcours-de-developpement\/","title":{"rendered":"Parcours de d\u00e9veloppement"},"content":{"rendered":"\n<p>Cyclisme Canada s\u2019engage dans le d\u00e9veloppement des athl\u00e8tes \u00e0 long terme. Nos programmes d\u00e9butent en collaboration avec <a href=\"https:\/\/cyclingcanada.ca\/fr\/mimpliquer\/devenir-membre\/\">les organisations sportives provinciales\/territoriales<\/a> dans le but de d\u00e9velopper des champions sur la sc\u00e8ne internationale et des ambassadeurs pour la communaut\u00e9.<\/p>\n\n<p>Tout au long du processus, Cyclisme Canada aura pour objectif de d\u00e9velopper des athl\u00e8tes intelligents, pr\u00e9par\u00e9s et r\u00e9silients qui s\u2019engageront dans le sport \u00e0 long terme. L\u2019int\u00e9gration de syst\u00e8me d\u2019op\u00e9rations et de techniques d\u2019\u00e9ducation permettront la mise en place d\u2019une programmation diversifi\u00e9e et \u00e9quilibr\u00e9e, tout en encourageant un plus grand nombre d\u2019athl\u00e8tes \u00e0 aller vers les plus hauts \u00e9chelons du sport<strong>.<\/strong> Ceci sera possible gr\u00e2ce un support \u00e0 l\u2019entra\u00eenement constant et des interventions cibl\u00e9es ainsi que gr\u00e2ce \u00e0 des opportunit\u00e9s de comp\u00e9titions ad\u00e9quates.<\/p>\n\n<p>Cyclisme Canada am\u00e9liorera le d\u00e9veloppement des athl\u00e8tes en encourageant la collaboration entre les disciplines et en sollicitant une approche multidisciplinaire des programmes de haute performance.<\/p>\n\n<figure class=\"wp-block-image size-large\"><img loading=\"lazy\" decoding=\"async\" width=\"1030\" height=\"562\" src=\"https:\/\/cyclingcanada.ca\/wp-content\/uploads\/2022\/05\/Screen-Shot-2022-05-24-at-10.41.46-AM-1030x562.png\" alt=\"\" class=\"wp-image-54007\" srcset=\"https:\/\/cyclingcanada.ca\/wp-content\/uploads\/2022\/05\/Screen-Shot-2022-05-24-at-10.41.46-AM-1030x562.png 1030w, https:\/\/cyclingcanada.ca\/wp-content\/uploads\/2022\/05\/Screen-Shot-2022-05-24-at-10.41.46-AM-300x164.png 300w, https:\/\/cyclingcanada.ca\/wp-content\/uploads\/2022\/05\/Screen-Shot-2022-05-24-at-10.41.46-AM-768x419.png 768w, https:\/\/cyclingcanada.ca\/wp-content\/uploads\/2022\/05\/Screen-Shot-2022-05-24-at-10.41.46-AM-1536x838.png 1536w, https:\/\/cyclingcanada.ca\/wp-content\/uploads\/2022\/05\/Screen-Shot-2022-05-24-at-10.41.46-AM.png 2048w, https:\/\/cyclingcanada.ca\/wp-content\/uploads\/2022\/05\/Screen-Shot-2022-05-24-at-10.41.46-AM-1500x818.png 1500w, https:\/\/cyclingcanada.ca\/wp-content\/uploads\/2022\/05\/Screen-Shot-2022-05-24-at-10.41.46-AM-705x385.png 705w\" sizes=\"auto, (max-width: 1030px) 100vw, 1030px\" \/><\/figure>\n\n<p>Les athl\u00e8tes affili\u00e9s sont ceux dont l\u2019entra\u00eeneur principal n\u2019est pas un entra\u00eeneur national. Ces athl\u00e8tes sont:<\/p>\n\n<ol class=\"wp-block-list\">\n<li>\u00c9ligibles pour la s\u00e9lection des projets de l\u2019\u00e9quipe nationale, les Grand Jeux, les championnats du monde;<\/li>\n\n\n\n<li>\u00c9ligibles pour le programme d\u2019assistance aux athl\u00e8tes (AAP \u2013 brevets de Sports Canada)<\/li>\n<\/ol>\n\n<p class=\"is-style-default\">Les crit\u00e8res de s\u00e9lection pour les projets de l\u2019\u00e9quipe nationale sont publi\u00e9s annuellement et disponibles <a href=\"https:\/\/cyclingcanada.ca\/fr\/ressources\/ressources-pour-athletes\/criteres-de-selection\/\">ici<\/a>.<\/p>\n\n<p><\/p>\n","protected":false},"excerpt":{"rendered":"<p>Cyclisme Canada s\u2019engage dans le d\u00e9veloppement des athl\u00e8tes \u00e0 long terme. Nos programmes d\u00e9butent en collaboration avec les organisations sportives provinciales\/territoriales dans le but de d\u00e9velopper des champions sur la sc\u00e8ne internationale et des ambassadeurs pour la communaut\u00e9. Tout au long du processus, Cyclisme Canada aura pour objectif de d\u00e9velopper des athl\u00e8tes intelligents, pr\u00e9par\u00e9s et [&hellip;]<\/p>\n","protected":false},"author":46,"featured_media":36681,"parent":36660,"menu_order":0,"comment_status":"closed","ping_status":"closed","template":"wp-custom-template-simple-hero-page","meta":{"_acf_changed":false,"advanced_seo_description":"","jetpack_seo_html_title":"","jetpack_seo_noindex":false,"footnotes":""},"class_list":["post-36680","page","type-page","status-publish","has-post-thumbnail","hentry"],"acf":[],"jetpack_sharing_enabled":true,"_links":{"self":[{"href":"https:\/\/cyclingcanada.ca\/fr\/wp-json\/wp\/v2\/pages\/36680","targetHints":{"allow":["GET"]}}],"collection":[{"href":"https:\/\/cyclingcanada.ca\/fr\/wp-json\/wp\/v2\/pages"}],"about":[{"href":"https:\/\/cyclingcanada.ca\/fr\/wp-json\/wp\/v2\/types\/page"}],"author":[{"embeddable":true,"href":"https:\/\/cyclingcanada.ca\/fr\/wp-json\/wp\/v2\/users\/46"}],"replies":[{"embeddable":true,"href":"https:\/\/cyclingcanada.ca\/fr\/wp-json\/wp\/v2\/comments?post=36680"}],"version-history":[{"count":3,"href":"https:\/\/cyclingcanada.ca\/fr\/wp-json\/wp\/v2\/pages\/36680\/revisions"}],"predecessor-version":[{"id":71589,"href":"https:\/\/cyclingcanada.ca\/fr\/wp-json\/wp\/v2\/pages\/36680\/revisions\/71589"}],"up":[{"embeddable":true,"href":"https:\/\/cyclingcanada.ca\/fr\/wp-json\/wp\/v2\/pages\/36660"}],"wp:featuredmedia":[{"embeddable":true,"href":"https:\/\/cyclingcanada.ca\/fr\/wp-json\/wp\/v2\/media\/36681"}],"wp:attachment":[{"href":"https:\/\/cyclingcanada.ca\/fr\/wp-json\/wp\/v2\/media?parent=36680"}],"curies":[{"name":"wp","href":"https:\/\/api.w.org\/{rel}","templated":true}]}}

Parcours de développement

<p>Cyclisme Canada s’engage dans le développement des athlètes à long terme. Nos programmes débutent en collaboration avec <a href="https://cyclingcanada.ca/fr/mimpliquer/devenir-membre/">les organisations sportives provinciales/territoriales</a> dans le but de développer des champions sur la scène internationale et des ambassadeurs pour la communauté.</p>

<p>Tout au long du processus, Cyclisme Canada aura pour objectif de développer des athlètes intelligents, préparés et résilients qui s’engageront dans le sport à long terme. L’intégration de système d’opérations et de techniques d’éducation permettront la mise en place d’une programmation diversifiée et équilibrée, tout en encourageant un plus grand nombre d’athlètes à aller vers les plus hauts échelons du sport<strong>.</strong> Ceci sera possible grâce un support à l’entraînement constant et des interventions ciblées ainsi que grâce à des opportunités de compétitions adéquates.</p>

<p>Cyclisme Canada améliorera le développement des athlètes en encourageant la collaboration entre les disciplines et en sollicitant une approche multidisciplinaire des programmes de haute performance.</p>

<figure class="wp-block-image size-large"><img loading="lazy" decoding="async" width="1030" height="562" src="https://cyclingcanada.ca/wp-content/uploads/2022/05/Screen-Shot-2022-05-24-at-10.41.46-AM-1030x562.png" alt="" class="wp-image-54007" srcset="https://cyclingcanada.ca/wp-content/uploads/2022/05/Screen-Shot-2022-05-24-at-10.41.46-AM-1030x562.png 1030w, https://cyclingcanada.ca/wp-content/uploads/2022/05/Screen-Shot-2022-05-24-at-10.41.46-AM-300x164.png 300w, https://cyclingcanada.ca/wp-content/uploads/2022/05/Screen-Shot-2022-05-24-at-10.41.46-AM-768x419.png 768w, https://cyclingcanada.ca/wp-content/uploads/2022/05/Screen-Shot-2022-05-24-at-10.41.46-AM-1536x838.png 1536w, https://cyclingcanada.ca/wp-content/uploads/2022/05/Screen-Shot-2022-05-24-at-10.41.46-AM.png 2048w, https://cyclingcanada.ca/wp-content/uploads/2022/05/Screen-Shot-2022-05-24-at-10.41.46-AM-1500x818.png 1500w, https://cyclingcanada.ca/wp-content/uploads/2022/05/Screen-Shot-2022-05-24-at-10.41.46-AM-705x385.png 705w" sizes="auto, (max-width: 1030px) 100vw, 1030px" /></figure>

<p>Les athlètes affiliés sont ceux dont l’entraîneur principal n’est pas un entraîneur national. Ces athlètes sont:</p>

<ol class="wp-block-list">
<li>Éligibles pour la sélection des projets de l’équipe nationale, les Grand Jeux, les championnats du monde;</li>



<li>Éligibles pour le programme d’assistance aux athlètes (AAP – brevets de Sports Canada)</li>
</ol>

<p class="is-style-default">Les critères de sélection pour les projets de l’équipe nationale sont publiés annuellement et disponibles <a href="https://cyclingcanada.ca/fr/ressources/ressources-pour-athletes/criteres-de-selection/">ici</a>.</p>

<p></p>

<p>Cyclisme Canada s’engage dans le développement des athlètes à long terme. Nos programmes débutent en collaboration avec les organisations sportives provinciales/territoriales dans le but de développer des champions sur la scène internationale et des ambassadeurs pour la communauté. Tout au long du processus, Cyclisme Canada aura pour objectif de développer des athlètes intelligents, préparés et [&hellip;]</p>
