{"id":37083,"date":"2019-06-03T14:41:44","date_gmt":"2019-06-03T18:41:44","guid":{"rendered":"https:\/\/ffq.enp.mybluehost.me\/officials\/resources\/track-national-and-uci-commissaires\/"},"modified":"2026-03-30T11:20:49","modified_gmt":"2026-03-30T15:20:49","slug":"commissaires-national-et-international-piste","status":"publish","type":"page","link":"https:\/\/cyclingcanada.ca\/fr\/mimpliquer\/commissaires\/ressources\/commissaires-national-et-international-piste\/","title":{"rendered":"Commissaires National et International \u2013 Piste"},"content":{"rendered":"\n<div class=\"wp-block-group alignwide is-layout-flow wp-block-group-is-layout-flow\" style=\"padding-top:var(--wp--preset--spacing--large);padding-bottom:var(--wp--preset--spacing--large)\">\n<h1 class=\"wp-block-heading has-text-align-center has-xx-large-font-size\">Commissaires National et International \u2013 Piste<\/h1>\n\n\n\n<h5 class=\"wp-block-heading\">COMMISSAIRES UCI Piste<\/h5>\n\n\n\n<table id=\"tablepress-16\" class=\"tablepress tablepress-id-16\">\n<tbody class=\"row-striping row-hover\">\n<tr class=\"row-1\">\n\t<td class=\"column-1\">Adrien<\/td><td class=\"column-2\">Levesque<\/td><td class=\"column-3\">Moncton<\/td><td class=\"column-4\">NB<\/td>\n<\/tr>\n<tr class=\"row-2\">\n\t<td class=\"column-1\">Andrew<\/td><td class=\"column-2\">Paradowski<\/td><td class=\"column-3\">Milton<\/td><td class=\"column-4\">ON<\/td>\n<\/tr>\n<tr class=\"row-3\">\n\t<td class=\"column-1\">Genevieve<\/td><td class=\"column-2\">Marcotte<\/td><td class=\"column-3\">Sherbrooke<\/td><td class=\"column-4\">QC<\/td>\n<\/tr>\n<tr class=\"row-4\">\n\t<td class=\"column-1\">Josee<\/td><td class=\"column-2\">Bedard<\/td><td class=\"column-3\">Candiac<\/td><td class=\"column-4\">QC<\/td>\n<\/tr>\n<tr class=\"row-5\">\n\t<td class=\"column-1\">Michael<\/td><td class=\"column-2\">Pinkoski<\/td><td class=\"column-3\">Edmonton<\/td><td class=\"column-4\">AB<\/td>\n<\/tr>\n<\/tbody>\n<\/table>\n\n\n\n\n<h5 class=\"wp-block-heading\">COMMISSAIRES \u00e9lite nationaux Piste<\/h5>\n\n\n\n<table id=\"tablepress-17\" class=\"tablepress tablepress-id-17\">\n<tbody class=\"row-striping\">\n<tr class=\"row-1\">\n\t<td class=\"column-1\">Brad<\/td><td class=\"column-2\">Day<\/td><td class=\"column-3\">Waterloo<\/td><td class=\"column-4\">ON<\/td>\n<\/tr>\n<tr class=\"row-2\">\n\t<td class=\"column-1\">Edward<\/td><td class=\"column-2\">Sitarski<\/td><td class=\"column-3\">Toronto<\/td><td class=\"column-4\">ON<\/td>\n<\/tr>\n<tr class=\"row-3\">\n\t<td class=\"column-1\">Jos\u00e9e<\/td><td class=\"column-2\">Larocque<\/td><td class=\"column-3\">St. Catharines<\/td><td class=\"column-4\">ON<\/td>\n<\/tr>\n<tr class=\"row-4\">\n\t<td class=\"column-1\">Louise<\/td><td class=\"column-2\">Lalonde<\/td><td class=\"column-3\">St Sauveur<\/td><td class=\"column-4\">QC<\/td>\n<\/tr>\n<tr class=\"row-5\">\n\t<td class=\"column-1\">Marie-Eve<\/td><td class=\"column-2\">Potvin<\/td><td class=\"column-3\">Oakville<\/td><td class=\"column-4\">ON<\/td>\n<\/tr>\n<tr class=\"row-6\">\n\t<td class=\"column-1\">Steve<\/td><td class=\"column-2\">Head<\/td><td class=\"column-3\">Guelph<\/td><td class=\"column-4\">ON<\/td>\n<\/tr>\n<tr class=\"row-7\">\n\t<td class=\"column-1\">Vall\u00e9rie<\/td><td class=\"column-2\">Trottier<\/td><td class=\"column-3\">Bromont<\/td><td class=\"column-4\">QC<\/td>\n<\/tr>\n<\/tbody>\n<\/table>\n\n\n\n\n<h5 class=\"wp-block-heading\">COMMISSAIRES nationaux Piste<\/h5>\n\n\n\n<table id=\"tablepress-18\" class=\"tablepress tablepress-id-18\">\n<tbody class=\"row-striping\">\n<tr class=\"row-1\">\n\t<td class=\"column-1\">Benjamin<\/td><td class=\"column-2\">Hill<\/td><td class=\"column-3\">London<\/td><td class=\"column-4\">ON<\/td>\n<\/tr>\n<tr class=\"row-2\">\n\t<td class=\"column-1\">Johanne<\/td><td class=\"column-2\">Binet<\/td><td class=\"column-3\">Qu\u00e9bec<\/td><td class=\"column-4\">QC<\/td>\n<\/tr>\n<tr class=\"row-3\">\n\t<td class=\"column-1\">Linda<\/td><td class=\"column-2\">Berger<\/td><td class=\"column-3\">N\/A<\/td><td class=\"column-4\">AB<\/td>\n<\/tr>\n<tr class=\"row-4\">\n\t<td class=\"column-1\">Lyne<\/td><td class=\"column-2\">Girard<\/td><td class=\"column-3\">Montreal<\/td><td class=\"column-4\">QC<\/td>\n<\/tr>\n<tr class=\"row-5\">\n\t<td class=\"column-1\">Michel<\/td><td class=\"column-2\">Bourgault<\/td><td class=\"column-3\">LaPrairie<\/td><td class=\"column-4\">QC<\/td>\n<\/tr>\n<tr class=\"row-6\">\n\t<td class=\"column-1\">Serge<\/td><td class=\"column-2\">Fortin<\/td><td class=\"column-3\">Montreal<\/td><td class=\"column-4\">QC<\/td>\n<\/tr>\n<tr class=\"row-7\">\n\t<td class=\"column-1\">William<\/td><td class=\"column-2\">Trischuk<\/td><td class=\"column-3\">Toronto<\/td><td class=\"column-4\">ON<\/td>\n<\/tr>\n<\/tbody>\n<\/table>\n\n\n\n\n<h5 class=\"wp-block-heading\"><mark style=\"background-color:rgba(0, 0, 0, 0)\" class=\"has-inline-color has-primary-color\">Formateurs Piste de niveau national d\u00e9sign\u00e9s par l\u2019UCI (commissaire UCI)<\/mark><\/h5>\n\n\n\n<table id=\"tablepress-32\" class=\"tablepress tablepress-id-32\">\n<tbody class=\"row-striping\">\n<tr class=\"row-1\">\n\t<td class=\"column-1\">Louise<\/td><td class=\"column-2\">Lalonde<\/td><td class=\"column-3\">St Sauveur<\/td><td class=\"column-4\">QC<\/td>\n<\/tr>\n<\/tbody>\n<\/table>\n<!-- #tablepress-32 from cache -->\n\n\n\n<h5 class=\"wp-block-heading\"><mark style=\"background-color:rgba(0, 0, 0, 0)\" class=\"has-inline-color has-primary-color\">Formateurs Piste de niveau provincial (commissaire national)<\/mark><\/h5>\n\n\n\n<table id=\"tablepress-33\" class=\"tablepress tablepress-id-33\">\n<tbody class=\"row-striping\">\n<tr class=\"row-1\">\n\t<td class=\"column-1\">Andrew<\/td><td class=\"column-2\">Paradowski<\/td><td class=\"column-3\">Milton<\/td><td class=\"column-4\">ON<\/td>\n<\/tr>\n<tr class=\"row-2\">\n\t<td class=\"column-1\">Vall\u00e9rie<\/td><td class=\"column-2\">Trottier<\/td><td class=\"column-3\">Bromont<\/td><td class=\"column-4\">QC<\/td>\n<\/tr>\n<tr class=\"row-3\">\n\t<td class=\"column-1\">Michael<\/td><td class=\"column-2\">Pinkoski<\/td><td class=\"column-3\">Edmonton<\/td><td class=\"column-4\">AB<\/td>\n<\/tr>\n<tr class=\"row-4\">\n\t<td class=\"column-1\">Louise<\/td><td class=\"column-2\">Lalonde<\/td><td class=\"column-3\">St Sauveur<\/td><td class=\"column-4\">QC<\/td>\n<\/tr>\n<\/tbody>\n<\/table>\n\n<\/div>\n\n\n\n<p><\/p>\n","protected":false},"excerpt":{"rendered":"<p>Commissaires National et International \u2013 Piste COMMISSAIRES UCI Piste COMMISSAIRES \u00e9lite nationaux Piste COMMISSAIRES nationaux Piste Formateurs Piste de niveau national d\u00e9sign\u00e9s par l\u2019UCI (commissaire UCI) Formateurs Piste de niveau provincial (commissaire national)<\/p>\n","protected":false},"author":46,"featured_media":0,"parent":36527,"menu_order":0,"comment_status":"closed","ping_status":"closed","template":"","meta":{"_acf_changed":false,"advanced_seo_description":"","jetpack_seo_html_title":"","jetpack_seo_noindex":false,"footnotes":""},"class_list":["post-37083","page","type-page","status-publish","hentry"],"acf":[],"jetpack_sharing_enabled":true,"_links":{"self":[{"href":"https:\/\/cyclingcanada.ca\/fr\/wp-json\/wp\/v2\/pages\/37083","targetHints":{"allow":["GET"]}}],"collection":[{"href":"https:\/\/cyclingcanada.ca\/fr\/wp-json\/wp\/v2\/pages"}],"about":[{"href":"https:\/\/cyclingcanada.ca\/fr\/wp-json\/wp\/v2\/types\/page"}],"author":[{"embeddable":true,"href":"https:\/\/cyclingcanada.ca\/fr\/wp-json\/wp\/v2\/users\/46"}],"replies":[{"embeddable":true,"href":"https:\/\/cyclingcanada.ca\/fr\/wp-json\/wp\/v2\/comments?post=37083"}],"version-history":[{"count":6,"href":"https:\/\/cyclingcanada.ca\/fr\/wp-json\/wp\/v2\/pages\/37083\/revisions"}],"predecessor-version":[{"id":77138,"href":"https:\/\/cyclingcanada.ca\/fr\/wp-json\/wp\/v2\/pages\/37083\/revisions\/77138"}],"up":[{"embeddable":true,"href":"https:\/\/cyclingcanada.ca\/fr\/wp-json\/wp\/v2\/pages\/36527"}],"wp:attachment":[{"href":"https:\/\/cyclingcanada.ca\/fr\/wp-json\/wp\/v2\/media?parent=37083"}],"curies":[{"name":"wp","href":"https:\/\/api.w.org\/{rel}","templated":true}]}}

<div class="wp-block-group alignwide is-layout-flow wp-block-group-is-layout-flow" style="padding-top:var(--wp--preset--spacing--large);padding-bottom:var(--wp--preset--spacing--large)">
<h1 class="wp-block-heading has-text-align-center has-xx-large-font-size">Commissaires National et International – Piste</h1>



<h5 class="wp-block-heading">COMMISSAIRES UCI Piste</h5>



<table id="tablepress-16" class="tablepress tablepress-id-16">
<tbody class="row-striping row-hover">
<tr class="row-1">
	<td class="column-1">Adrien</td><td class="column-2">Levesque</td><td class="column-3">Moncton</td><td class="column-4">NB</td>
</tr>
<tr class="row-2">
	<td class="column-1">Andrew</td><td class="column-2">Paradowski</td><td class="column-3">Milton</td><td class="column-4">ON</td>
</tr>
<tr class="row-3">
	<td class="column-1">Genevieve</td><td class="column-2">Marcotte</td><td class="column-3">Sherbrooke</td><td class="column-4">QC</td>
</tr>
<tr class="row-4">
	<td class="column-1">Josee</td><td class="column-2">Bedard</td><td class="column-3">Candiac</td><td class="column-4">QC</td>
</tr>
<tr class="row-5">
	<td class="column-1">Michael</td><td class="column-2">Pinkoski</td><td class="column-3">Edmonton</td><td class="column-4">AB</td>
</tr>
</tbody>
</table>




<h5 class="wp-block-heading">COMMISSAIRES élite nationaux Piste</h5>



<table id="tablepress-17" class="tablepress tablepress-id-17">
<tbody class="row-striping">
<tr class="row-1">
	<td class="column-1">Brad</td><td class="column-2">Day</td><td class="column-3">Waterloo</td><td class="column-4">ON</td>
</tr>
<tr class="row-2">
	<td class="column-1">Edward</td><td class="column-2">Sitarski</td><td class="column-3">Toronto</td><td class="column-4">ON</td>
</tr>
<tr class="row-3">
	<td class="column-1">Josée</td><td class="column-2">Larocque</td><td class="column-3">St. Catharines</td><td class="column-4">ON</td>
</tr>
<tr class="row-4">
	<td class="column-1">Louise</td><td class="column-2">Lalonde</td><td class="column-3">St Sauveur</td><td class="column-4">QC</td>
</tr>
<tr class="row-5">
	<td class="column-1">Marie-Eve</td><td class="column-2">Potvin</td><td class="column-3">Oakville</td><td class="column-4">ON</td>
</tr>
<tr class="row-6">
	<td class="column-1">Steve</td><td class="column-2">Head</td><td class="column-3">Guelph</td><td class="column-4">ON</td>
</tr>
<tr class="row-7">
	<td class="column-1">Vallérie</td><td class="column-2">Trottier</td><td class="column-3">Bromont</td><td class="column-4">QC</td>
</tr>
</tbody>
</table>




<h5 class="wp-block-heading">COMMISSAIRES nationaux Piste</h5>



<table id="tablepress-18" class="tablepress tablepress-id-18">
<tbody class="row-striping">
<tr class="row-1">
	<td class="column-1">Benjamin</td><td class="column-2">Hill</td><td class="column-3">London</td><td class="column-4">ON</td>
</tr>
<tr class="row-2">
	<td class="column-1">Johanne</td><td class="column-2">Binet</td><td class="column-3">Québec</td><td class="column-4">QC</td>
</tr>
<tr class="row-3">
	<td class="column-1">Linda</td><td class="column-2">Berger</td><td class="column-3">N/A</td><td class="column-4">AB</td>
</tr>
<tr class="row-4">
	<td class="column-1">Lyne</td><td class="column-2">Girard</td><td class="column-3">Montreal</td><td class="column-4">QC</td>
</tr>
<tr class="row-5">
	<td class="column-1">Michel</td><td class="column-2">Bourgault</td><td class="column-3">LaPrairie</td><td class="column-4">QC</td>
</tr>
<tr class="row-6">
	<td class="column-1">Serge</td><td class="column-2">Fortin</td><td class="column-3">Montreal</td><td class="column-4">QC</td>
</tr>
<tr class="row-7">
	<td class="column-1">William</td><td class="column-2">Trischuk</td><td class="column-3">Toronto</td><td class="column-4">ON</td>
</tr>
</tbody>
</table>




<h5 class="wp-block-heading"><mark style="background-color:rgba(0, 0, 0, 0)" class="has-inline-color has-primary-color">Formateurs Piste de niveau national désignés par l’UCI (commissaire UCI)</mark></h5>



<table id="tablepress-32" class="tablepress tablepress-id-32">
<tbody class="row-striping">
<tr class="row-1">
	<td class="column-1">Louise</td><td class="column-2">Lalonde</td><td class="column-3">St Sauveur</td><td class="column-4">QC</td>
</tr>
</tbody>
</table>
<!-- #tablepress-32 from cache -->



<h5 class="wp-block-heading"><mark style="background-color:rgba(0, 0, 0, 0)" class="has-inline-color has-primary-color">Formateurs Piste de niveau provincial (commissaire national)</mark></h5>



<table id="tablepress-33" class="tablepress tablepress-id-33">
<tbody class="row-striping">
<tr class="row-1">
	<td class="column-1">Andrew</td><td class="column-2">Paradowski</td><td class="column-3">Milton</td><td class="column-4">ON</td>
</tr>
<tr class="row-2">
	<td class="column-1">Vallérie</td><td class="column-2">Trottier</td><td class="column-3">Bromont</td><td class="column-4">QC</td>
</tr>
<tr class="row-3">
	<td class="column-1">Michael</td><td class="column-2">Pinkoski</td><td class="column-3">Edmonton</td><td class="column-4">AB</td>
</tr>
<tr class="row-4">
	<td class="column-1">Louise</td><td class="column-2">Lalonde</td><td class="column-3">St Sauveur</td><td class="column-4">QC</td>
</tr>
</tbody>
</table>

</div>



<p></p>

<p>Commissaires National et International – Piste COMMISSAIRES UCI Piste COMMISSAIRES élite nationaux Piste COMMISSAIRES nationaux Piste Formateurs Piste de niveau national désignés par l’UCI (commissaire UCI) Formateurs Piste de niveau provincial (commissaire national)</p>
