{"id":69624,"date":"2025-04-10T14:21:35","date_gmt":"2025-04-10T18:21:35","guid":{"rendered":"https:\/\/cyclingcanada.ca\/apropos\/medias\/"},"modified":"2026-03-16T12:55:01","modified_gmt":"2026-03-16T16:55:01","slug":"medias","status":"publish","type":"page","link":"https:\/\/cyclingcanada.ca\/fr\/apropos\/medias\/","title":{"rendered":"M\u00e9dias"},"content":{"rendered":"\n<p>Pour toutes demandes m\u00e9dias concernant les athl\u00e8tes, programmes ou \u00e9v\u00e9nements de Cyclisme Canada, veuillez contacter :<\/p>\n\n\n\n<p><strong>Daniel Walker<br><\/strong>Gestionnaire du d\u00e9veloppement des affaires et des communications<\/p>\n\n\n\n<p><span style=\"text-decoration: underline;\"><a href=\"mailto:holly.janna@cyclingcanada.ca\" target=\"_blank\" rel=\"noreferrer noopener\"><\/a><a href=\"mailto:josh.peacock@cyclingcanada.ca\"><a href=\"mailto:daniel.walker@cyclingcanada.ca\">daniel.walker@cyclingcanada.ca<\/a><\/a><\/span><\/p>\n\n\n\n<div style=\"height:var(--wp--preset--spacing--small)\" aria-hidden=\"true\" class=\"wp-block-spacer\"><\/div>\n\n\n\n<h3 class=\"wp-block-heading has-primary-color has-text-color has-link-color wp-elements-a9392341bc4e8dd88b3d2ef0d2304197\">Contenu m\u00e9dia<\/h3>\n\n\n\n<div class=\"wp-block-file is-style-link has-link-color wp-elements-0c3688499ddaddaa4f14bacc34b9a4ea\" style=\"border-radius:0px\"><a href=\"https:\/\/cyclingcanada.ca\/wp-content\/uploads\/2021\/10\/Logo.zip\" class=\"wp-block-file__button wp-element-button\" download>Logo de Cyclisme Canada<\/a><\/div>\n\n\n\n<p class=\"has-black-color has-text-color has-link-color wp-elements-844bab5a3112fc93d1a050fcd007c453\"><a href=\"http:\/\/eepurl.com\/gWtSa5\" target=\"_blank\" rel=\"noreferrer noopener\"><span style=\"text-decoration: underline;\">Cliquez ici pour vous inscrire \u00e0 notre liste m\u00e9dia<\/span><\/a><\/p>\n\n\n\n<p><\/p>\n","protected":false},"excerpt":{"rendered":"<p>Pour toutes demandes m\u00e9dias concernant les athl\u00e8tes, programmes ou \u00e9v\u00e9nements de Cyclisme Canada, veuillez contacter : Daniel WalkerGestionnaire du d\u00e9veloppement des affaires et des communications daniel.walker@cyclingcanada.ca Contenu m\u00e9dia Cliquez ici pour vous inscrire \u00e0 notre liste m\u00e9dia<\/p>\n","protected":false},"author":46,"featured_media":77259,"parent":37315,"menu_order":0,"comment_status":"closed","ping_status":"closed","template":"wp-custom-template-simple-hero-page","meta":{"_acf_changed":false,"advanced_seo_description":"","jetpack_seo_html_title":"","jetpack_seo_noindex":false,"footnotes":""},"class_list":["post-69624","page","type-page","status-publish","has-post-thumbnail","hentry"],"acf":[],"jetpack_sharing_enabled":true,"_links":{"self":[{"href":"https:\/\/cyclingcanada.ca\/fr\/wp-json\/wp\/v2\/pages\/69624","targetHints":{"allow":["GET"]}}],"collection":[{"href":"https:\/\/cyclingcanada.ca\/fr\/wp-json\/wp\/v2\/pages"}],"about":[{"href":"https:\/\/cyclingcanada.ca\/fr\/wp-json\/wp\/v2\/types\/page"}],"author":[{"embeddable":true,"href":"https:\/\/cyclingcanada.ca\/fr\/wp-json\/wp\/v2\/users\/46"}],"replies":[{"embeddable":true,"href":"https:\/\/cyclingcanada.ca\/fr\/wp-json\/wp\/v2\/comments?post=69624"}],"version-history":[{"count":7,"href":"https:\/\/cyclingcanada.ca\/fr\/wp-json\/wp\/v2\/pages\/69624\/revisions"}],"predecessor-version":[{"id":76864,"href":"https:\/\/cyclingcanada.ca\/fr\/wp-json\/wp\/v2\/pages\/69624\/revisions\/76864"}],"up":[{"embeddable":true,"href":"https:\/\/cyclingcanada.ca\/fr\/wp-json\/wp\/v2\/pages\/37315"}],"wp:featuredmedia":[{"embeddable":true,"href":"https:\/\/cyclingcanada.ca\/fr\/wp-json\/wp\/v2\/media\/77259"}],"wp:attachment":[{"href":"https:\/\/cyclingcanada.ca\/fr\/wp-json\/wp\/v2\/media?parent=69624"}],"curies":[{"name":"wp","href":"https:\/\/api.w.org\/{rel}","templated":true}]}}

Médias

<p>Pour toutes demandes médias concernant les athlètes, programmes ou événements de Cyclisme Canada, veuillez contacter :</p>



<p><strong>Daniel Walker<br></strong>Gestionnaire du développement des affaires et des communications</p>



<p><span style="text-decoration: underline;"><a href="mailto:holly.janna@cyclingcanada.ca" target="_blank" rel="noreferrer noopener"></a><a href="mailto:josh.peacock@cyclingcanada.ca"><a href="mailto:daniel.walker@cyclingcanada.ca">daniel.walker@cyclingcanada.ca</a></a></span></p>



<div style="height:var(--wp--preset--spacing--small)" aria-hidden="true" class="wp-block-spacer"></div>



<h3 class="wp-block-heading has-primary-color has-text-color has-link-color wp-elements-a9392341bc4e8dd88b3d2ef0d2304197">Contenu média</h3>



<div class="wp-block-file is-style-link has-link-color wp-elements-0c3688499ddaddaa4f14bacc34b9a4ea" style="border-radius:0px"><a href="https://cyclingcanada.ca/wp-content/uploads/2021/10/Logo.zip" class="wp-block-file__button wp-element-button" download>Logo de Cyclisme Canada</a></div>



<p class="has-black-color has-text-color has-link-color wp-elements-844bab5a3112fc93d1a050fcd007c453"><a href="http://eepurl.com/gWtSa5" target="_blank" rel="noreferrer noopener"><span style="text-decoration: underline;">Cliquez ici pour vous inscrire à notre liste média</span></a></p>



<p></p>

<p>Pour toutes demandes médias concernant les athlètes, programmes ou événements de Cyclisme Canada, veuillez contacter : Daniel WalkerGestionnaire du développement des affaires et des communications daniel.walker@cyclingcanada.ca Contenu média Cliquez ici pour vous inscrire à notre liste média</p>
